--
-- Host: 127.0.0.1    Database: iapsonora_titulos
-- ------------------------------------------------------


--
-- Table structure for table `auth_group`
--

CREATE TABLE `auth_group` (
  `id` int NOT NULL AUTO_INCREMENT,
  `name` varchar(150) NOT NULL,
  PRIMARY KEY (`id`),
  UNIQUE KEY `name` (`name`)
) ENGINE=InnoDB AUTO_INCREMENT=2 DEFAULT CHARSET=utf8mb4 COLLATE=utf8mb4_0900_ai_ci;

--
-- Dumping data for table `auth_group`
--

INSERT INTO `auth_group` (`id`, `name`) VALUES (1,'Direccion Academica');

--
-- Table structure for table `auth_group_permissions`
--

CREATE TABLE `auth_group_permissions` (
  `id` bigint NOT NULL AUTO_INCREMENT,
  `group_id` int NOT NULL,
  `permission_id` int NOT NULL,
  PRIMARY KEY (`id`),
  UNIQUE KEY `auth_group_permissions_group_id_permission_id_0cd325b0_uniq` (`group_id`,`permission_id`),
  KEY `auth_group_permissio_permission_id_84c5c92e_fk_auth_perm` (`permission_id`),
  CONSTRAINT `auth_group_permissio_permission_id_84c5c92e_fk_auth_perm` FOREIGN KEY (`permission_id`) REFERENCES `auth_permission` (`id`),
  CONSTRAINT `auth_group_permissions_group_id_b120cbf9_fk_auth_group_id` FOREIGN KEY (`group_id`) REFERENCES `auth_group` (`id`)
) ENGINE=InnoDB AUTO_INCREMENT=4 DEFAULT CHARSET=utf8mb4 COLLATE=utf8mb4_0900_ai_ci;

--
-- Dumping data for table `auth_group_permissions`
--

INSERT INTO `auth_group_permissions` (`id`, `group_id`, `permission_id`) VALUES (1,1,25),(2,1,26),(3,1,28);

--
-- Table structure for table `auth_permission`
--

CREATE TABLE `auth_permission` (
  `id` int NOT NULL AUTO_INCREMENT,
  `name` varchar(255) NOT NULL,
  `content_type_id` int NOT NULL,
  `codename` varchar(100) NOT NULL,
  PRIMARY KEY (`id`),
  UNIQUE KEY `auth_permission_content_type_id_codename_01ab375a_uniq` (`content_type_id`,`codename`),
  CONSTRAINT `auth_permission_content_type_id_2f476e4b_fk_django_co` FOREIGN KEY (`content_type_id`) REFERENCES `django_content_type` (`id`)
) ENGINE=InnoDB AUTO_INCREMENT=29 DEFAULT CHARSET=utf8mb4 COLLATE=utf8mb4_0900_ai_ci;

--
-- Dumping data for table `auth_permission`
--

INSERT INTO `auth_permission` (`id`, `name`, `content_type_id`, `codename`) VALUES (1,'Can add log entry',1,'add_logentry'),(2,'Can change log entry',1,'change_logentry'),(3,'Can delete log entry',1,'delete_logentry'),(4,'Can view log entry',1,'view_logentry'),(5,'Can add permission',3,'add_permission'),(6,'Can change permission',3,'change_permission'),(7,'Can delete permission',3,'delete_permission'),(8,'Can view permission',3,'view_permission'),(9,'Can add group',2,'add_group'),(10,'Can change group',2,'change_group'),(11,'Can delete group',2,'delete_group'),(12,'Can view group',2,'view_group'),(13,'Can add user',4,'add_user'),(14,'Can change user',4,'change_user'),(15,'Can delete user',4,'delete_user'),(16,'Can view user',4,'view_user'),(17,'Can add content type',5,'add_contenttype'),(18,'Can change content type',5,'change_contenttype'),(19,'Can delete content type',5,'delete_contenttype'),(20,'Can view content type',5,'view_contenttype'),(21,'Can add session',6,'add_session'),(22,'Can change session',6,'change_session'),(23,'Can delete session',6,'delete_session'),(24,'Can view session',6,'view_session'),(25,'Can add alumno',7,'add_alumno'),(26,'Can change alumno',7,'change_alumno'),(27,'Can delete alumno',7,'delete_alumno'),(28,'Can view alumno',7,'view_alumno');

--
-- Table structure for table `auth_user_groups`
--

CREATE TABLE `auth_user_groups` (
  `id` bigint NOT NULL AUTO_INCREMENT,
  `user_id` int NOT NULL,
  `group_id` int NOT NULL,
  PRIMARY KEY (`id`),
  UNIQUE KEY `auth_user_groups_user_id_group_id_94350c0c_uniq` (`user_id`,`group_id`),
  KEY `auth_user_groups_group_id_97559544_fk_auth_group_id` (`group_id`),
  CONSTRAINT `auth_user_groups_group_id_97559544_fk_auth_group_id` FOREIGN KEY (`group_id`) REFERENCES `auth_group` (`id`),
  CONSTRAINT `auth_user_groups_user_id_6a12ed8b_fk_auth_user_id` FOREIGN KEY (`user_id`) REFERENCES `auth_user` (`id`)
) ENGINE=InnoDB AUTO_INCREMENT=3 DEFAULT CHARSET=utf8mb4 COLLATE=utf8mb4_0900_ai_ci;

--
-- Dumping data for table `auth_user_groups`
--

INSERT INTO `auth_user_groups` (`id`, `user_id`, `group_id`) VALUES (1,2,1),(2,3,1);

--
-- Table structure for table `auth_user_user_permissions`
--

CREATE TABLE `auth_user_user_permissions` (
  `id` bigint NOT NULL AUTO_INCREMENT,
  `user_id` int NOT NULL,
  `permission_id` int NOT NULL,
  PRIMARY KEY (`id`),
  UNIQUE KEY `auth_user_user_permissions_user_id_permission_id_14a6b632_uniq` (`user_id`,`permission_id`),
  KEY `auth_user_user_permi_permission_id_1fbb5f2c_fk_auth_perm` (`permission_id`),
  CONSTRAINT `auth_user_user_permi_permission_id_1fbb5f2c_fk_auth_perm` FOREIGN KEY (`permission_id`) REFERENCES `auth_permission` (`id`),
  CONSTRAINT `auth_user_user_permissions_user_id_a95ead1b_fk_auth_user_id` FOREIGN KEY (`user_id`) REFERENCES `auth_user` (`id`)
) ENGINE=InnoDB DEFAULT CHARSET=utf8mb4 COLLATE=utf8mb4_0900_ai_ci;

--
-- Dumping data for table `auth_user_user_permissions`
--


--
-- Table structure for table `django_admin_log`
--

CREATE TABLE `django_admin_log` (
  `id` int NOT NULL AUTO_INCREMENT,
  `action_time` datetime(6) NOT NULL,
  `object_id` longtext,
  `object_repr` varchar(200) NOT NULL,
  `action_flag` smallint unsigned NOT NULL,
  `change_message` longtext NOT NULL,
  `content_type_id` int DEFAULT NULL,
  `user_id` int NOT NULL,
  PRIMARY KEY (`id`),
  KEY `django_admin_log_content_type_id_c4bce8eb_fk_django_co` (`content_type_id`),
  KEY `django_admin_log_user_id_c564eba6_fk_auth_user_id` (`user_id`),
  CONSTRAINT `django_admin_log_content_type_id_c4bce8eb_fk_django_co` FOREIGN KEY (`content_type_id`) REFERENCES `django_content_type` (`id`),
  CONSTRAINT `django_admin_log_user_id_c564eba6_fk_auth_user_id` FOREIGN KEY (`user_id`) REFERENCES `auth_user` (`id`),
  CONSTRAINT `django_admin_log_chk_1` CHECK ((`action_flag` >= 0))
) ENGINE=InnoDB AUTO_INCREMENT=360 DEFAULT CHARSET=utf8mb4 COLLATE=utf8mb4_0900_ai_ci;

--
-- Dumping data for table `django_admin_log`
--

INSERT INTO `django_admin_log` (`id`, `action_time`, `object_id`, `object_repr`, `action_flag`, `change_message`, `content_type_id`, `user_id`) VALUES (1,'2026-02-24 17:20:21.163000','1','Direccion Academica',1,'[{\"added\": {}}]',2,1),(2,'2026-02-24 17:31:59.779000','1','Direccion Academica',2,'[{\"changed\": {\"fields\": [\"Permissions\"]}}]',2,1),(3,'2026-02-24 17:32:53.575000','2','direccionAcademica1',1,'[{\"added\": {}}]',4,1),(4,'2026-02-24 17:33:12.833000','3','direccionAcademica2',1,'[{\"added\": {}}]',4,1),(5,'2026-02-24 17:33:36.626000','3','direccionAcademica2',2,'[{\"changed\": {\"fields\": [\"Groups\"]}}]',4,1),(6,'2026-02-24 17:34:10.671000','3','direccionAcademica2',2,'[]',4,1),(7,'2026-02-24 17:34:27.688000','2','direccionAcademica1',2,'[{\"changed\": {\"fields\": [\"Groups\"]}}]',4,1),(8,'2026-02-24 17:36:22.507000','2','direccionAcademica1',2,'[{\"changed\": {\"fields\": [\"password\"]}}]',4,1),(9,'2026-02-24 17:37:15.814000','2','direccionAcademica1',2,'[{\"changed\": {\"fields\": [\"Staff status\"]}}]',4,1),(10,'2026-02-24 17:37:43.120000','3','direccionAcademica2',2,'[{\"changed\": {\"fields\": [\"Staff status\"]}}]',4,1),(11,'2026-02-24 18:40:26.411000','1','MGSI1979 - Carlos Guadalupe Acosta Hernández',1,'[{\"added\": {}}]',7,2),(12,'2026-02-24 18:42:08.438000','1','MGSI1979 - Carlos Guadalupe Acosta Hernández',2,'[{\"changed\": {\"fields\": [\"Estado Actual\", \"T\\u00edtulo Listo\"]}}]',7,2),(13,'2026-02-24 18:43:46.463000','1','MGSI1979 - Carlos Guadalupe Acosta Hernández',2,'[{\"changed\": {\"fields\": [\"T\\u00edtulo Listo\"]}}]',7,2),(14,'2026-02-24 18:44:22.347000','1','MGSI1979 - Carlos Guadalupe Acosta Hernández',2,'[{\"changed\": {\"fields\": [\"Estado Actual\"]}}]',7,2),(15,'2026-03-03 16:12:58.809000','2','2020-MGSI-1176 - ANGELA BEATRIZ GONZALEZ VARGAS',1,'[{\"added\": {}}]',7,3),(16,'2026-03-03 16:40:05.642000','2','2020-MGSI-1176 - ANGELA BEATRIZ GONZALEZ VARGAS',2,'[{\"changed\": {\"fields\": [\"Generaci\\u00f3n\"]}}]',7,3),(17,'2026-03-03 16:40:14.432000','2','2020-MGSI-1176 - ANGELA BEATRIZ GONZALEZ VARGAS',2,'[]',7,3),(18,'2026-03-03 16:41:53.702000','1','2020-MGSI-1186 - DIANA CAROLINA PACHECO GUDIÑO',2,'[{\"changed\": {\"fields\": [\"Matr\\u00edcula\", \"Nombre Completo\", \"Generaci\\u00f3n\"]}}]',7,3),(19,'2026-03-03 16:43:05.782000','3','2020-MGSI-1192 - EUGENIO TAPIA RUIZ DE CHAVEZ',1,'[{\"added\": {}}]',7,3),(20,'2026-03-03 16:45:22.162000','4','2020-MGSI-1191 - JESUS ADRIAN ROBLES FELIX',1,'[{\"added\": {}}]',7,3),(21,'2026-03-03 16:47:28.800000','5','2020-MGSI-1193 - JUAN CARLOS RODRIGUEZ GIL',1,'[{\"added\": {}}]',7,3),(22,'2026-03-03 16:58:31.418000','6','2020--MGSI-1201 - JUAN PABLO WALLS ESPARZA',1,'[{\"added\": {}}]',7,3),(23,'2026-03-03 16:59:54.557000','7','2020-MGSI-1197 - KARLA ISELA VASQUEZ SOTO',1,'[{\"added\": {}}]',7,3),(24,'2026-03-03 18:52:27.609000','1','2020-MAP-1491 - DIANA CAROLINA PACHECO GUDIÑO',2,'[{\"changed\": {\"fields\": [\"Matr\\u00edcula\"]}}]',7,3),(25,'2026-03-03 18:53:35.810000','1','2024-MAP-1494 - DIANA CAROLINA PACHECO GUDIÑO',2,'[{\"changed\": {\"fields\": [\"Matr\\u00edcula\"]}}]',7,3),(26,'2026-03-03 18:54:17.690000','2','2020-MAP-1491 - ANGELA BEATRIZ GONZALEZ VARGAS',2,'[{\"changed\": {\"fields\": [\"Matr\\u00edcula\"]}}]',7,3),(27,'2026-03-03 18:54:58.407000','3','2024-MAP-1500 - EUGENIO TAPIA RUIZ DE CHAVEZ',2,'[{\"changed\": {\"fields\": [\"Matr\\u00edcula\"]}}]',7,3),(28,'2026-03-03 18:55:42.692000','4','2024-MAP-1437 - JESUS ADRIAN ROBLES FELIX',2,'[{\"changed\": {\"fields\": [\"Matr\\u00edcula\"]}}]',7,3),(29,'2026-03-03 18:56:18.349000','5','2024-MAP-1404 - JUAN CARLOS RODRIGUEZ GIL',2,'[{\"changed\": {\"fields\": [\"Matr\\u00edcula\"]}}]',7,3),(30,'2026-03-03 18:57:06.075000','6','2024--MAP-1463 - JUAN PABLO WALLS ESPARZA',2,'[{\"changed\": {\"fields\": [\"Matr\\u00edcula\"]}}]',7,3),(31,'2026-03-03 18:57:25.210000','6','2024-MAP-1463 - JUAN PABLO WALLS ESPARZA',2,'[{\"changed\": {\"fields\": [\"Matr\\u00edcula\"]}}]',7,3),(32,'2026-03-03 18:58:09.943000','7','2024-MAP-1466 - KARLA ISELA VASQUEZ SOTO',2,'[{\"changed\": {\"fields\": [\"Matr\\u00edcula\"]}}]',7,3),(33,'2026-03-03 19:15:39.149000','8','2024-MAP-1420 - LUIS DANIEL VEGA DIAZ',1,'[{\"added\": {}}]',7,3),(34,'2026-03-03 19:16:27.698000','9','2024-MAP-1496 - MARIA FERNANDA PORTILLO LUJAN',1,'[{\"added\": {}}]',7,3),(35,'2026-03-03 19:17:56.772000','10','2024-MAP-1419 - MARIA DEL MAR VALENZUELA LOPEZ',1,'[{\"added\": {}}]',7,3),(36,'2026-03-03 19:19:07.182000','11','2024-MAP-1414 - MARIA ELENA LOPEZ VERDUZCO',1,'[{\"added\": {}}]',7,3),(37,'2026-03-03 19:20:33.397000','12','2024-MAP-1472 - MAYRA ALEJANDRA ESCALANTE MEZA',1,'[{\"added\": {}}]',7,3),(38,'2026-03-03 19:22:19.654000','13','2019-MAP-0781 - MARIA LUISA VILLEGAS AYON',1,'[{\"added\": {}}]',7,3),(39,'2026-03-03 19:24:00.853000','14','2024-MAP-1479 - MONICA GUADALUPE PINTO SERRANO',1,'[{\"added\": {}}]',7,3),(40,'2026-03-03 19:25:35.434000','15','2024-MAP-1425 - NOHEMI ARAMBURO MENDIVIL',1,'[{\"added\": {}}]',7,3),(41,'2026-03-03 19:26:26.113000','16','2023-MAP-1319 - RAMIRO HERNANDEZ LOPEZ',1,'[{\"added\": {}}]',7,3),(42,'2026-03-03 19:27:45.148000','17','2024-MAP-1458 - ROSENDO RODRIGUEZ SALES',1,'[{\"added\": {}}]',7,3),(43,'2026-03-03 19:28:49.240000','18','2024-MAP-1498 - SUSANA MELISSA RIVERA HERNANDEZ',1,'[{\"added\": {}}]',7,3),(44,'2026-03-03 19:39:18.104000','19','2023-MGSI-1857 - ARIADNA CAÑEDO VALDEZ',1,'[{\"added\": {}}]',7,3),(45,'2026-03-03 19:40:45.232000','20','2024-MGSI-1971 - BARBARA KARINA LEOR ACEDO',1,'[{\"added\": {}}]',7,3),(46,'2026-03-03 19:42:04.921000','21','2024-MGSI-1989 - CARMINA ESMERALDA LOPEZ ALVAREZ',1,'[{\"added\": {}}]',7,3),(47,'2026-03-03 19:44:49.941000','22','2024-MGSI-1974 - CLAUDIA VERONICA QUINTERO GUEREÑA',1,'[{\"added\": {}}]',7,3),(48,'2026-03-03 19:46:14.343000','23','2024-MGSI-1956 - DANIA EMYRETH CABRERA RODRIGUEZ',1,'[{\"added\": {}}]',7,3),(49,'2026-03-03 19:47:31.891000','24','2024-MGSI-1992 - DULCE NARDA NEVAREZ MONTEROS',1,'[{\"added\": {}}]',7,3),(50,'2026-03-03 19:48:29.082000','25','2023-MGSI-1900 - EMANUEL ALEJANDRO LOPEZ SALMON',1,'[{\"added\": {}}]',7,3),(51,'2026-03-03 19:51:53.816000','26','2024-MGSI-1970 - EVA NICEN GARCIA HERNANDEZ',1,'[{\"added\": {}}]',7,3),(52,'2026-03-03 19:53:24.072000','27','2019-MGSI-0846 - GISEL ARELI MARTINEZ TREJO',1,'[{\"added\": {}}]',7,3),(53,'2026-03-03 19:54:44.945000','28','2023-MGSI-1896 - GLADYS BEATRIZ COTA FELIX',1,'[{\"added\": {}}]',7,3),(54,'2026-03-03 19:56:20.997000','29','2023-MGSI-1863 - HAYDE ALEJANDRA LOPEZ ANGULO',1,'[{\"added\": {}}]',7,3),(55,'2026-03-03 19:57:32.959000','30','2024-MGSI-1942 - ISYAN ROBERTO ESPINOZA QUIJADA',1,'[{\"added\": {}}]',7,3),(56,'2026-03-03 19:58:42.659000','31','2024-MGSI-1982 - JESUS JOSE BORQUEZ LOPEZ',1,'[{\"added\": {}}]',7,3),(57,'2026-03-03 19:59:48.472000','32','2024-MGSI-1938 - KARLA PAOLA CASTRO LOPEZ',1,'[{\"added\": {}}]',7,3),(58,'2026-03-03 20:00:51.185000','33','2021-MGSI-1513 - LILIAN ROSARIO VALDEZ HULL',1,'[{\"added\": {}}]',7,3),(59,'2026-03-03 20:01:54.623000','34','2022-MGSI-1748 - LOURDES ALCANTAR CASTRO',1,'[{\"added\": {}}]',7,3),(60,'2026-03-03 20:02:53.666000','35','2020-MGSI-1162 - LUZ ANGELICA ACOSTA HERNANDEZ',1,'[{\"added\": {}}]',7,3),(61,'2026-03-03 20:05:16.585000','36','2020-MGSI-1293 - MANUEL DE JESUS LOPEZ CASTRO',1,'[{\"added\": {}}]',7,3),(62,'2026-03-03 20:06:19.301000','37','2024-MGSI-1978 - MARTHA CECILIA MOLINA VELARDE',1,'[{\"added\": {}}]',7,3),(63,'2026-03-03 20:08:18.505000','38','2024-MGSI-1991 - MIGUEL ANGEL YBAÑEZ CASTRO',1,'[{\"added\": {}}]',7,3),(64,'2026-03-03 20:10:52.324000','39','2021-MGSI-1479 - YOLANDA JAQUELINE CANO VILLASEÑOR',1,'[{\"added\": {}}]',7,3),(65,'2026-03-03 20:12:38.679000','40','2020-DAP-0207 - CYNTHIA GUADALUPE GASTELUM BOJORQUEZ',1,'[{\"added\": {}}]',7,3),(66,'2026-03-03 20:14:36.330000','41','2023-DAP-0299 - NETZAHUALCOYOTL CABRERA MURRIETA',1,'[{\"added\": {}}]',7,3),(67,'2026-03-10 19:23:58.374000','42','2024-MAP-1509 - MONICA GUADALUPE LORETO RUIZ',1,'[{\"added\": {}}]',7,3),(68,'2026-03-10 19:25:30.965000','43','2024-MAP-1462 - MARTHA FRANCIA TELLEZ CANIZALES',1,'[{\"added\": {}}]',7,3),(69,'2026-03-10 19:27:35.038000','44','2020-MAP-0978 - EDUARDO IGNACIO BERUMEN VARGAS',1,'[{\"added\": {}}]',7,3),(70,'2026-03-10 19:28:16.037000','45','2024-MAP-1504 - RICARDO ALCARAZ RUIZ',1,'[{\"added\": {}}]',7,3),(71,'2026-03-10 19:28:47.349000','46','2024-MAP-1507 - LUIS EDUARDO CELAYA PEÑA',1,'[{\"added\": {}}]',7,3),(72,'2026-03-10 19:29:27.081000','47','2018-MAP-0562 - EDUARDO GOMEZ OLIVARRIA',1,'[{\"added\": {}}]',7,3),(73,'2026-03-10 19:30:09.636000','48','2024-MGSI-2002 - IRLANDA MARIBEL VILLARREAL HERNANDEZ',1,'[{\"added\": {}}]',7,3),(74,'2026-03-10 19:31:08.392000','49','2024-MGSI-1954 - ITZA PEREGRINA AVILA RENDON',1,'[{\"added\": {}}]',7,3),(75,'2026-03-10 19:31:54.364000','50','2024-MGSI-1986 - MICHELL ALFONSO CHINCHILLAS SAUCEDA',1,'[{\"added\": {}}]',7,3),(76,'2026-03-10 19:32:29.523000','51','2024-MGSI-2004 - DANIA ALEJANDRA AYALA RIOS',1,'[{\"added\": {}}]',7,3),(77,'2026-03-10 19:33:01.602000','52','2024-MGSI-2003 - ALEXANDRA AGUILAR CRUZ',1,'[{\"added\": {}}]',7,3),(78,'2026-03-10 19:33:40.102000','53','2024-MGSI-2014 - ALFREDO FABICIO MIRANDA ARMENTA',1,'[{\"added\": {}}]',7,3),(87,'2026-03-26 19:34:38.062758','56','2020-MGSI-1198 - Eduardo Alonso Mtz Chenoweth',3,'',7,1),(88,'2026-03-26 19:36:00.601952','1','admin',2,'[{\"changed\": {\"fields\": [\"password\"]}}]',4,1),(89,'2026-03-26 19:41:49.348744','4','eddy',3,'',4,1),(90,'2026-03-26 19:58:00.060038','57','test - TEST',1,'[{\"added\": {}}]',7,1),(91,'2026-03-26 19:58:41.012957','57','test - TEST',2,'[{\"changed\": {\"fields\": [\"Estado Actual\", \"T\\u00edtulo Listo\", \"C\\u00e9dula Lista\", \"Fecha y Hora de Cita\"]}}]',7,1),(92,'2026-03-26 20:00:43.922380','57','test - TEST',2,'[{\"changed\": {\"fields\": [\"Estado Actual\"]}}]',7,1),(93,'2026-03-26 20:04:31.131283','57','test - TEST',2,'[{\"changed\": {\"fields\": [\"Fecha y Hora de Cita\"]}}]',7,1),(94,'2026-03-26 20:04:49.672202','57','test - TEST',2,'[{\"changed\": {\"fields\": [\"Fecha y Hora de Cita\"]}}]',7,1),(95,'2026-03-26 20:06:48.468094','57','test - TEST',3,'',7,1),(96,'2026-03-26 20:07:11.237807','58','test - test',1,'[{\"added\": {}}]',7,1),(97,'2026-03-26 20:08:07.860563','58','test - test',2,'[{\"changed\": {\"fields\": [\"Estado Actual\", \"Fecha y Hora de Cita\"]}}]',7,1),(98,'2026-03-26 20:13:24.245968','58','test - test',3,'',7,1),(99,'2026-03-26 20:15:03.623970','59','test - test',1,'[{\"added\": {}}]',7,1),(100,'2026-03-26 20:15:43.049575','59','test - test',2,'[{\"changed\": {\"fields\": [\"Estado Actual\", \"Fecha y Hora de Cita\"]}}]',7,1),(101,'2026-03-26 20:17:32.181287','59','test - test',3,'',7,1),(102,'2026-03-26 20:17:53.101411','60','test - TEST',1,'[{\"added\": {}}]',7,1),(103,'2026-03-26 20:18:32.983750','60','test - TEST',2,'[{\"changed\": {\"fields\": [\"Estado Actual\", \"Fecha y Hora de Cita\"]}}]',7,1),(104,'2026-03-26 20:19:08.087028','60','test - TEST',3,'',7,1),(105,'2026-03-26 20:19:30.454228','61','test - TEST',1,'[{\"added\": {}}]',7,1),(106,'2026-03-26 20:19:51.999658','61','test - TEST',2,'[{\"changed\": {\"fields\": [\"Estado Actual\", \"Fecha y Hora de Cita\"]}}]',7,1),(107,'2026-03-27 18:11:00.269944','61','test - TEST',3,'',7,1),(108,'2026-03-27 18:17:17.510345','35','2020-MGSI-1162 - LUZ ANGELICA ACOSTA HERNANDEZ',2,'[{\"changed\": {\"fields\": [\"Correo Electr\\u00f3nico\"]}}]',7,1),(109,'2026-03-27 18:20:45.944773','35','2020-MGSI-1162 - LUZ ANGELICA ACOSTA HERNANDEZ',2,'[]',7,1),(110,'2026-03-27 18:23:25.592531','35','2020-MGSI-1162 - LUZ ANGELICA ACOSTA HERNANDEZ',2,'[{\"changed\": {\"fields\": [\"Correo Electr\\u00f3nico\"]}}]',7,1),(111,'2026-03-27 18:23:55.028131','35','2020-MGSI-1162 - LUZ ANGELICA ACOSTA HERNANDEZ',2,'[{\"changed\": {\"fields\": [\"Correo Electr\\u00f3nico\"]}}]',7,1),(112,'2026-03-27 18:24:33.190818','35','2020-MGSI-1162 - LUZ ANGELICA ACOSTA HERNANDEZ',2,'[{\"changed\": {\"fields\": [\"Estado Actual\"]}}]',7,1),(113,'2026-03-27 18:24:44.366867','35','2020-MGSI-1162 - LUZ ANGELICA ACOSTA HERNANDEZ',2,'[{\"changed\": {\"fields\": [\"Estado Actual\"]}}]',7,1),(114,'2026-03-27 18:25:09.813310','35','2020-MGSI-1162 - LUZ ANGELICA ACOSTA HERNANDEZ',2,'[{\"changed\": {\"fields\": [\"Correo Electr\\u00f3nico\"]}}]',7,1),(115,'2026-03-27 18:28:34.585264','35','2020-MGSI-1162 - LUZ ANGELICA ACOSTA HERNANDEZ',2,'[{\"changed\": {\"fields\": [\"Correo Electr\\u00f3nico\"]}}]',7,1),(116,'2026-03-27 18:28:52.231504','35','2020-MGSI-1162 - LUZ ANGELICA ACOSTA HERNANDEZ',2,'[{\"changed\": {\"fields\": [\"Correo Electr\\u00f3nico\"]}}]',7,1),(117,'2026-03-27 18:32:08.313351','34','2022-MGSI-1748 - LOURDES ALCANTAR CASTRO',2,'[{\"changed\": {\"fields\": [\"Correo Electr\\u00f3nico\"]}}]',7,1),(118,'2026-03-27 18:32:26.969715','15','2024-MAP-1425 - NOHEMI ARAMBURO MENDIVIL',2,'[{\"changed\": {\"fields\": [\"Correo Electr\\u00f3nico\"]}}]',7,1),(119,'2026-03-27 18:34:09.733386','31','2024-MGSI-1982 - JESUS JOSE BORQUEZ LOPEZ',2,'[{\"changed\": {\"fields\": [\"Correo Electr\\u00f3nico\"]}}]',7,1),(120,'2026-03-27 18:34:37.456549','41','2023-DAP-0299 - NETZAHUALCOYOTL CABRERA MURRIETA',2,'[{\"changed\": {\"fields\": [\"Correo Electr\\u00f3nico\"]}}]',7,1),(121,'2026-03-27 18:35:04.362591','23','2024-MGSI-1956 - DANIA EMYRETH CABRERA RODRIGUEZ',2,'[{\"changed\": {\"fields\": [\"Correo Electr\\u00f3nico\"]}}]',7,1),(122,'2026-03-27 18:35:19.116546','19','2023-MGSI-1857 - ARIADNA CAÑEDO VALDEZ',2,'[{\"changed\": {\"fields\": [\"Correo Electr\\u00f3nico\"]}}]',7,1),(123,'2026-03-27 18:35:32.996970','32','2024-MGSI-1938 - KARLA PAOLA CASTRO LOPEZ',2,'[{\"changed\": {\"fields\": [\"Correo Electr\\u00f3nico\"]}}]',7,1),(124,'2026-03-27 18:35:50.453838','28','2023-MGSI-1896 - GLADYS BEATRIZ COTA FELIX',2,'[{\"changed\": {\"fields\": [\"Correo Electr\\u00f3nico\"]}}]',7,1),(125,'2026-03-27 18:36:03.177228','30','2024-MGSI-1942 - ISYAN ROBERTO ESPINOZA QUIJADA',2,'[{\"changed\": {\"fields\": [\"Correo Electr\\u00f3nico\"]}}]',7,1),(126,'2026-03-27 18:36:17.039338','26','2024-MGSI-1970 - EVA NICEN GARCIA HERNANDEZ',2,'[{\"changed\": {\"fields\": [\"Correo Electr\\u00f3nico\"]}}]',7,1),(127,'2026-03-27 18:36:38.204691','2','2020-MAP-1491 - ANGELA BEATRIZ GONZALEZ VARGAS',2,'[{\"changed\": {\"fields\": [\"Correo Electr\\u00f3nico\"]}}]',7,1),(128,'2026-03-27 18:36:59.631271','20','2024-MGSI-1971 - BARBARA KARINA LEOR ACEDO',2,'[{\"changed\": {\"fields\": [\"Correo Electr\\u00f3nico\"]}}]',7,1),(129,'2026-03-27 18:39:05.835859','21','2024-MGSI-1989 - CARMINA ESMERALDA LOPEZ ALVAREZ',2,'[{\"changed\": {\"fields\": [\"Correo Electr\\u00f3nico\"]}}]',7,1),(130,'2026-03-27 18:39:25.428051','36','2020-MGSI-1293 - MANUEL DE JESUS LOPEZ CASTRO',2,'[{\"changed\": {\"fields\": [\"Correo Electr\\u00f3nico\"]}}]',7,1),(131,'2026-03-27 18:40:10.195278','11','2024-MAP-1414 - MARIA ELENA LOPEZ VERDUZCO',2,'[{\"changed\": {\"fields\": [\"Correo Electr\\u00f3nico\"]}}]',7,1),(132,'2026-03-27 18:41:02.875000','27','2019-MGSI-0846 - GISEL ARELI MARTINEZ TREJO',2,'[{\"changed\": {\"fields\": [\"Correo Electr\\u00f3nico\"]}}]',7,1),(133,'2026-03-27 18:41:29.163395','12','2024-MAP-1472 - MAYRA ALEJANDRA ESCALANTE MEZA',2,'[{\"changed\": {\"fields\": [\"Correo Electr\\u00f3nico\"]}}]',7,1),(134,'2026-03-27 18:41:47.828250','37','2024-MGSI-1978 - MARTHA CECILIA MOLINA VELARDE',2,'[{\"changed\": {\"fields\": [\"Correo Electr\\u00f3nico\"]}}]',7,1),(135,'2026-03-27 18:42:05.242741','24','2024-MGSI-1992 - DULCE NARDA NEVAREZ MONTEROS',2,'[{\"changed\": {\"fields\": [\"Correo Electr\\u00f3nico\"]}}]',7,1),(136,'2026-03-27 18:42:44.279688','1','2024-MAP-1494 - DIANA CAROLINA PACHECO GUDIÑO',2,'[{\"changed\": {\"fields\": [\"Correo Electr\\u00f3nico\"]}}]',7,1),(137,'2026-03-27 18:43:02.288653','14','2024-MAP-1479 - MONICA GUADALUPE PINTO SERRANO',2,'[{\"changed\": {\"fields\": [\"Correo Electr\\u00f3nico\"]}}]',7,1),(138,'2026-03-27 18:43:19.292453','9','2024-MAP-1496 - MARIA FERNANDA PORTILLO LUJAN',2,'[{\"changed\": {\"fields\": [\"Correo Electr\\u00f3nico\"]}}]',7,1),(139,'2026-03-27 18:43:50.922967','22','2024-MGSI-1974 - CLAUDIA VERONICA QUINTERO GUEREÑA',2,'[{\"changed\": {\"fields\": [\"Correo Electr\\u00f3nico\"]}}]',7,1),(140,'2026-03-27 18:44:11.273196','18','2024-MAP-1498 - SUSANA MELISSA RIVERA HERNANDEZ',2,'[{\"changed\": {\"fields\": [\"Correo Electr\\u00f3nico\"]}}]',7,1),(141,'2026-03-27 18:44:28.564685','4','2024-MAP-1437 - JESUS ADRIAN ROBLES FELIX',2,'[{\"changed\": {\"fields\": [\"Correo Electr\\u00f3nico\"]}}]',7,1),(142,'2026-03-27 18:44:51.766903','17','2024-MAP-1458 - ROSENDO RODRIGUEZ SALES',2,'[{\"changed\": {\"fields\": [\"Correo Electr\\u00f3nico\"]}}]',7,1),(143,'2026-03-27 18:45:33.104139','3','2024-MAP-1500 - EUGENIO TAPIA RUIZ DE CHAVEZ',2,'[{\"changed\": {\"fields\": [\"Correo Electr\\u00f3nico\"]}}]',7,1),(144,'2026-03-27 18:46:37.445448','33','2021-MGSI-1513 - LILIAN ROSARIO VALDEZ HULL',2,'[{\"changed\": {\"fields\": [\"Correo Electr\\u00f3nico\"]}}]',7,1),(145,'2026-03-27 18:48:09.164439','10','2024-MAP-1419 - MARIA DEL MAR VALENZUELA LOPEZ',2,'[{\"changed\": {\"fields\": [\"Correo Electr\\u00f3nico\"]}}]',7,1),(146,'2026-03-27 18:48:24.953753','7','2024-MAP-1466 - KARLA ISELA VASQUEZ SOTO',2,'[{\"changed\": {\"fields\": [\"Correo Electr\\u00f3nico\"]}}]',7,1),(147,'2026-03-27 18:48:42.465189','35','2020-MGSI-1162 - LUZ ANGELICA ACOSTA HERNANDEZ',2,'[{\"changed\": {\"fields\": [\"Correo Electr\\u00f3nico\"]}}]',7,1),(148,'2026-03-27 18:49:06.857983','13','2019-MAP-0781 - MARIA LUISA VILLEGAS AYON',2,'[{\"changed\": {\"fields\": [\"Correo Electr\\u00f3nico\"]}}]',7,1),(149,'2026-03-27 18:50:01.082563','6','2024-MAP-1463 - JUAN PABLO WALLS ESPARZA',2,'[{\"changed\": {\"fields\": [\"Correo Electr\\u00f3nico\"]}}]',7,1),(150,'2026-03-27 18:50:22.099026','38','2024-MGSI-1991 - MIGUEL ANGEL YBAÑEZ CASTRO',2,'[{\"changed\": {\"fields\": [\"Correo Electr\\u00f3nico\"]}}]',7,1),(151,'2026-03-27 18:50:43.325879','39','2021-MGSI-1479 - YOLANDA JAQUELINE CANO VILLASEÑOR',2,'[{\"changed\": {\"fields\": [\"Correo Electr\\u00f3nico\"]}}]',7,1),(152,'2026-03-28 19:15:04.931154','62','MGSI0508 - MARIBEL ORANTES OSUNA',1,'[{\"added\": {}}]',7,3),(153,'2026-03-28 19:17:08.099175','63','MGSI1988 - CLAUDIA MERCEDES GALLARETA GRACIA',1,'[{\"added\": {}}]',7,3),(154,'2026-03-28 19:18:03.836558','64','MGSI1950 - ENRIQUE VALENZUELA MENDOZA',1,'[{\"added\": {}}]',7,3),(155,'2026-03-28 19:18:50.413726','65','MGSI1917 - ALMA GUADALUPE INZUNZA PERALTA',1,'[{\"added\": {}}]',7,3),(156,'2026-03-28 19:20:52.243837','66','MGSI0506 - JOSÉ CONSUELO MORENO ORTEGA',1,'[{\"added\": {}}]',7,3),(157,'2026-03-28 19:23:59.237684','67','MGSI1260 - MARÍA DOLORES CABALLERO VALDÉS',1,'[{\"added\": {}}]',7,3),(158,'2026-03-28 19:25:20.599661','68','MGSI1815 - MAYRA GRACIELA MUÑOZ ZAMORA',1,'[{\"added\": {}}]',7,3),(159,'2026-03-28 19:26:37.084447','69','MGSI0862 - GUADALUPE DEL CARMEN CHAGALA VERGARA',1,'[{\"added\": {}}]',7,3),(160,'2026-03-28 19:33:36.936508','70','MGSI1976 - GILDARDO ABISAI URBINA OCHOA',1,'[{\"added\": {}}]',7,3),(161,'2026-03-28 19:34:46.366580','71','MGSI1390 - MARCELA MORALES ESCOBAR',1,'[{\"added\": {}}]',7,3),(162,'2026-03-28 19:35:49.185908','72','MGSI0535 - PAOLA ANDRÓMEDA HERNÁNDEZ VILCHES',1,'[{\"added\": {}}]',7,3),(163,'2026-03-28 19:37:18.776672','73','MGSI1221 - KENIA MAILETH CÁRDENAS LÓPEZ',1,'[{\"added\": {}}]',7,3),(164,'2026-03-28 19:55:56.532606','74','MAP1160 - ZAHIRA ROSALIA CHAIREZ AGUAYO',1,'[{\"added\": {}}]',7,3),(165,'2026-03-28 19:56:38.276807','75','MAP1431 - FRANCISCO ARNULFO FLORES SOTO',1,'[{\"added\": {}}]',7,3),(166,'2026-03-28 19:57:20.619747','76','MAP1014 - VIRGINIA EDUWIGES SABORI SALAZAR',1,'[{\"added\": {}}]',7,3),(167,'2026-03-28 19:58:05.266423','77','MAP0472 - CAROLINA LEÓN RAMOS',1,'[{\"added\": {}}]',7,3),(168,'2026-03-28 19:59:25.638701','78','MAP1279 - CHRISTIAN RICARDO VAZQUEZ ESPINOZA',1,'[{\"added\": {}}]',7,3),(169,'2026-03-28 19:59:56.912228','79','MAP1417 - OSCAR QUINTANA OCHOA',1,'[{\"added\": {}}]',7,3),(170,'2026-03-28 20:00:46.602923','80','MAP0973 - LUIS ARTURO CERVANTES LERMA',1,'[{\"added\": {}}]',7,3),(171,'2026-03-28 20:05:10.151256','81','MGE085 - RAÚL URIARTE AYALA',1,'[{\"added\": {}}]',7,3),(172,'2026-03-28 20:06:06.765768','82','MAP0821 - CARMEN AURELIA GÓMEZ SÁNCHEZ ALVAREZ',1,'[{\"added\": {}}]',7,3),(173,'2026-03-28 20:07:03.181553','83','MAP1399 - MARÍA FERNANDA CASTRO ESCARREGA',1,'[{\"added\": {}}]',7,3),(174,'2026-03-28 20:07:40.387956','84','MAP1366 - CLAUDIA MARIA ISABEL CORTÉS DÁVILA',1,'[{\"added\": {}}]',7,3),(175,'2026-03-28 20:08:31.686783','85','MAP1459 - MARTHA MARIA ROBLES LÓPEZ',1,'[{\"added\": {}}]',7,3),(176,'2026-03-28 20:09:54.167102','86','MGSI1856 - ELENA CAROLIA CANDELAS BIEBRICH',1,'[{\"added\": {}}]',7,3),(177,'2026-03-28 20:10:44.252205','87','MGSI0864 - FRANCISCO GERARDO FLORES RODRÍGUEZ',1,'[{\"added\": {}}]',7,3),(178,'2026-03-28 20:12:45.245099','88','MGSI1311 - SILVIA NALLEY CARILLO GONZÁLEZ',1,'[{\"added\": {}}]',7,3),(179,'2026-03-28 20:13:23.287363','89','MGSI1975 - MARGHOT JAZÍM SÁNCHEZ LEGLEN',1,'[{\"added\": {}}]',7,3),(180,'2026-03-28 20:14:01.063697','90','MGSI0897 - DAVID ULISES FRNCO ARMENDÁRIZ',1,'[{\"added\": {}}]',7,3),(181,'2026-03-28 20:14:36.982760','91','MGSI1984 - MOYRA RENÉ CORELLA MARTÍNEZ',1,'[{\"added\": {}}]',7,3),(182,'2026-03-28 20:15:05.994923','92','MAP1292 - JESÚS VILLALOBOS LÓPEZ',1,'[{\"added\": {}}]',7,3),(183,'2026-03-28 20:15:42.559017','93','MAP1248 - JESÚS URÍAS VALDEZ',1,'[{\"added\": {}}]',7,3),(184,'2026-03-28 20:16:32.721801','94','MAP0702 - ARMANDO MARTÍNEZ RAMOS',1,'[{\"added\": {}}]',7,3),(185,'2026-03-28 20:17:03.040517','95','MAP1418 - MARIO RENDÓN ÁLCANTAR',1,'[{\"added\": {}}]',7,3),(186,'2026-03-28 20:17:43.703269','96','MAP1413 - LUIS FRANCISCO LÓPEZ CONTRERAS',1,'[{\"added\": {}}]',7,3),(187,'2026-03-28 20:18:17.924922','97','MAP1428 - KARLA SOFÍA COTA ORDIALES',1,'[{\"added\": {}}]',7,3),(188,'2026-03-28 20:18:49.584868','98','MAP0904 - RENÉ DURAZO DURAZO',1,'[{\"added\": {}}]',7,3),(189,'2026-03-28 20:19:20.275696','99','MAP1421 - ESDRA FLOR VERDÍN PEÑA',1,'[{\"added\": {}}]',7,3),(190,'2026-04-15 16:32:20.954184','7','2024-MAP-1466 - KARLA ISELA VAZQUEZ SOTO',2,'[{\"changed\": {\"fields\": [\"Nombre Completo\"]}}]',7,2),(191,'2026-04-16 19:19:26.829885','100','MAP0882 - LILIAN MARGARITA NAVARRO LUCERO',1,'[{\"added\": {}}]',7,3),(192,'2026-04-16 19:20:41.805435','101','MAP0910 - ZHELINA IBARRA HOYOS',1,'[{\"added\": {}}]',7,3),(193,'2026-04-16 19:24:01.598536','102','MAP1365 - JESÚS ALBERTO AVILES LERMA',1,'[{\"added\": {}}]',7,3),(194,'2026-04-16 19:26:49.823362','103','MAP1516 - ANDREA RAMON CONTRERAS',1,'[{\"added\": {}}]',7,3),(195,'2026-04-16 19:33:40.792238','104','MAP1535 - CYNTHIA JAZMIN TORRES LEON',1,'[{\"added\": {}}]',7,3),(196,'2026-04-16 19:39:29.619043','105','MAP1527 - DULCE MARIA LEYVA NORIEGA',1,'[{\"added\": {}}]',7,3),(197,'2026-04-16 19:41:11.720603','106','MAP1521 - GUSTAVO ADOLFO CORONADO LARIOS',1,'[{\"added\": {}}]',7,3),(198,'2026-04-16 19:49:20.393261','107','MAP1548 - JORGE GOMEZ TOLEDO',1,'[{\"added\": {}}]',7,3),(199,'2026-04-16 19:50:09.106835','108','MAP1557 - JANITZE TORRES SALINAS',1,'[{\"added\": {}}]',7,3),(200,'2026-04-16 19:50:57.604232','109','MAP1525 - MARIA FERNANDA GARCIA ROBLES',1,'[{\"added\": {}}]',7,3),(201,'2026-04-16 19:51:57.480118','110','MGSI0193 - LUIS MIGUEL CORRAL VALENZUELA',1,'[{\"added\": {}}]',7,3),(202,'2026-04-16 19:53:08.499634','111','MGSI0353 - REYNA ALEJANDRO CARRILLO CUEVAS',1,'[{\"added\": {}}]',7,3),(203,'2026-04-16 19:54:44.851023','112','MGSI1111 - LUISA MARIA CASTILLON OLEA',1,'[{\"added\": {}}]',7,3),(204,'2026-04-16 19:59:32.899906','113','MGSI1700 - KARLA CECILIA MIRANDA URAGA',1,'[{\"added\": {}}]',7,3),(205,'2026-04-16 20:00:28.648176','114','MGSI1770 - HECTOR SAUL PALMA NIEBLAS',1,'[{\"added\": {}}]',7,3),(206,'2026-04-16 20:02:27.865537','115','MGSI0557 - OLGA LIDYA JUSAINO PADILLA',1,'[{\"added\": {}}]',7,3),(207,'2026-04-16 20:03:12.421914','116','MGSI1874 - GABRIELA MORA AGUILAR',1,'[{\"added\": {}}]',7,3),(208,'2026-04-16 20:05:06.275534','117','MGSI1929 - RICARDO GALVAN RUIZ',1,'[{\"added\": {}}]',7,3),(209,'2026-04-16 20:06:56.530054','118','MGSI1990 - VICTOR MANUEL MARQUEZ GRANILLO',1,'[{\"added\": {}}]',7,3),(210,'2026-04-16 20:07:49.851284','119','MGSI1995 - MARIANA ALICIA PLATA ACOSTA',1,'[{\"added\": {}}]',7,3),(211,'2026-04-16 20:11:47.154460','120','MGSI2018 - ANGEL ALEJANDRO SALAZAR REYES',1,'[{\"added\": {}}]',7,3),(212,'2026-04-16 20:53:28.417971','121','MGSI2028 - KEREN ANGELICA GONZALEZ NORIEGA',1,'[{\"added\": {}}]',7,3),(213,'2026-04-16 20:55:00.471810','122','MGSI2055 - ANTONIA MIRANDA VILLA',1,'[{\"added\": {}}]',7,3),(214,'2026-04-16 20:56:04.758567','123','MGSI2024 - ANA EDUVIGES CORRALES TERAN',1,'[{\"added\": {}}]',7,3),(215,'2026-04-16 20:57:00.253022','124','MGSI2042 - DIANA LIZETH GALLEGOS DURAZO',1,'[{\"added\": {}}]',7,3),(216,'2026-04-16 20:57:53.881253','125','MGSI2030 - KARLA GABRIELA HERMOSILLO GUERRERO',1,'[{\"added\": {}}]',7,3),(217,'2026-04-16 20:58:37.156714','126','MGSI2052 - LOPEZ ROMERO CARLOS DAVID',1,'[{\"added\": {}}]',7,3),(218,'2026-04-16 20:59:30.318655','127','MCE0014 - HUMBERTO SOUZA CHAVEZ',1,'[{\"added\": {}}]',7,3),(219,'2026-04-16 21:01:22.070676','128','MGE011 - RODRIGO IBARRA SILVA',1,'[{\"added\": {}}]',7,3),(220,'2026-04-16 21:15:47.974550','129','MGE0085 - RAUL URIARTE AYALA',1,'[{\"added\": {}}]',7,3),(221,'2026-04-16 21:22:07.498782','128','MGE011 - RODRIGO IBARRA SILVA',2,'[{\"changed\": {\"fields\": [\"Correo Electr\\u00f3nico\"]}}]',7,3),(222,'2026-04-16 21:23:17.617776','124','MGSI2042 - DIANA LIZETH GALLEGOS DURAZO',2,'[{\"changed\": {\"fields\": [\"Correo Electr\\u00f3nico\"]}}]',7,3),(223,'2026-04-16 21:23:27.757828','124','MGSI2042 - DIANA LIZETH GALLEGOS DURAZO',2,'[]',7,3),(224,'2026-04-16 21:24:12.364770','122','MGSI2055 - ANTONIA MIRANDA VILLA',2,'[{\"changed\": {\"fields\": [\"Correo Electr\\u00f3nico\"]}}]',7,3),(225,'2026-04-16 21:24:39.698050','121','MGSI2028 - KEREN ANGELICA GONZALEZ NORIEGA',2,'[{\"changed\": {\"fields\": [\"Correo Electr\\u00f3nico\"]}}]',7,3),(226,'2026-04-16 21:25:16.366817','120','MGSI2018 - ANGEL ALEJANDRO SALAZAR REYES',2,'[{\"changed\": {\"fields\": [\"Correo Electr\\u00f3nico\"]}}]',7,3),(227,'2026-04-16 21:25:52.025240','119','MGSI1995 - MARIANA ALICIA PLATA ACOSTA',2,'[{\"changed\": {\"fields\": [\"Correo Electr\\u00f3nico\"]}}]',7,3),(228,'2026-04-16 21:26:35.592463','118','MGSI1990 - VICTOR MANUEL MARQUEZ GRANILLO',2,'[{\"changed\": {\"fields\": [\"Correo Electr\\u00f3nico\"]}}]',7,3),(229,'2026-04-16 21:27:34.426218','117','MGSI1929 - RICARDO GALVAN RUIZ',2,'[{\"changed\": {\"fields\": [\"Correo Electr\\u00f3nico\"]}}]',7,3),(230,'2026-04-16 21:28:20.040785','116','MGSI1874 - GABRIELA MORA AGUILAR',2,'[{\"changed\": {\"fields\": [\"Correo Electr\\u00f3nico\"]}}]',7,3),(231,'2026-04-16 21:28:50.173901','115','MGSI0557 - OLGA LIDYA JUSAINO PADILLA',2,'[{\"changed\": {\"fields\": [\"Correo Electr\\u00f3nico\"]}}]',7,3),(232,'2026-04-16 21:29:20.144642','114','MGSI1770 - HECTOR SAUL PALMA NIEBLAS',2,'[{\"changed\": {\"fields\": [\"Correo Electr\\u00f3nico\"]}}]',7,3),(233,'2026-04-16 21:30:02.492641','113','MGSI1700 - KARLA CECILIA MIRANDA URAGA',2,'[{\"changed\": {\"fields\": [\"Correo Electr\\u00f3nico\"]}}]',7,3),(234,'2026-04-16 21:30:35.631757','112','MGSI1111 - LUISA MARIA CASTILLON OLEA',2,'[{\"changed\": {\"fields\": [\"Correo Electr\\u00f3nico\"]}}]',7,3),(235,'2026-04-16 21:32:03.692202','108','MAP1557 - JANITZE TORRES SALINAS',2,'[{\"changed\": {\"fields\": [\"Correo Electr\\u00f3nico\"]}}]',7,3),(236,'2026-04-16 21:32:41.103033','107','MAP1548 - JORGE GOMEZ TOLEDO',2,'[{\"changed\": {\"fields\": [\"Correo Electr\\u00f3nico\"]}}]',7,3),(237,'2026-04-16 21:33:25.352889','106','MAP1521 - GUSTAVO ADOLFO CORONADO LARIOS',2,'[{\"changed\": {\"fields\": [\"Correo Electr\\u00f3nico\"]}}]',7,3),(238,'2026-04-16 21:33:55.242029','105','MAP1527 - DULCE MARIA LEYVA NORIEGA',2,'[{\"changed\": {\"fields\": [\"Correo Electr\\u00f3nico\"]}}]',7,3),(239,'2026-04-16 21:34:35.438144','104','MAP1535 - CYNTHIA JAZMIN TORRES LEON',2,'[{\"changed\": {\"fields\": [\"Correo Electr\\u00f3nico\"]}}]',7,3),(240,'2026-04-16 21:35:04.559498','103','MAP1516 - ANDREA RAMON CONTRERAS',2,'[{\"changed\": {\"fields\": [\"Correo Electr\\u00f3nico\"]}}]',7,3),(241,'2026-04-16 21:35:35.276108','102','MAP1365 - JESÚS ALBERTO AVILES LERMA',2,'[{\"changed\": {\"fields\": [\"Correo Electr\\u00f3nico\"]}}]',7,3),(242,'2026-04-16 21:36:09.464881','101','MAP0910 - ZHELINA IBARRA HOYOS',2,'[{\"changed\": {\"fields\": [\"Correo Electr\\u00f3nico\"]}}]',7,3),(243,'2026-04-16 21:36:33.506157','100','MAP0882 - LILIAN MARGARITA NAVARRO LUCERO',2,'[{\"changed\": {\"fields\": [\"Correo Electr\\u00f3nico\"]}}]',7,3),(244,'2026-04-17 16:35:30.266278','95','MAP1418 - MARIO RENDÓN ÁLCANTAR',2,'[{\"changed\": {\"fields\": [\"Correo Electr\\u00f3nico\"]}}]',7,3),(245,'2026-04-17 16:44:06.791197','94','MAP0702 - ARMANDO MARTÍNEZ RAMOS',2,'[{\"changed\": {\"fields\": [\"Correo Electr\\u00f3nico\"]}}]',7,3),(246,'2026-04-17 16:53:30.447105','93','MAP1248 - JESÚS URÍAS VALDEZ',2,'[{\"changed\": {\"fields\": [\"Correo Electr\\u00f3nico\"]}}]',7,3),(247,'2026-04-17 16:54:17.708219','92','MAP1292 - JESÚS VILLALOBOS LÓPEZ',2,'[{\"changed\": {\"fields\": [\"Correo Electr\\u00f3nico\"]}}]',7,3),(248,'2026-04-17 16:55:57.201636','90','MGSI0897 - DAVID ULISES FRANCO ARMENDÁRIZ',2,'[{\"changed\": {\"fields\": [\"Nombre Completo\", \"Correo Electr\\u00f3nico\"]}}]',7,3),(249,'2026-04-17 16:57:44.151047','89','MGSI1975 - MARGHOT JAZÍM SÁNCHEZ LEGLEN',2,'[{\"changed\": {\"fields\": [\"Correo Electr\\u00f3nico\"]}}]',7,3),(250,'2026-04-17 16:58:47.286933','87','MGSI0864 - FRANCISCO GERARDO FLORES RODRÍGUEZ',2,'[{\"changed\": {\"fields\": [\"Correo Electr\\u00f3nico\"]}}]',7,3),(251,'2026-04-17 16:59:33.412164','86','MGSI1856 - ELENA CAROLIA CANDELAS BIEBRICH',2,'[{\"changed\": {\"fields\": [\"Correo Electr\\u00f3nico\"]}}]',7,3),(252,'2026-04-17 17:00:18.024083','85','MAP1459 - MARTHA MARIA ROBLES LÓPEZ',2,'[{\"changed\": {\"fields\": [\"Correo Electr\\u00f3nico\"]}}]',7,3),(253,'2026-04-17 17:16:09.183057','84','MAP1366 - CLAUDIA MARIA ISABEL CORTÉS DÁVILA',2,'[{\"changed\": {\"fields\": [\"Correo Electr\\u00f3nico\"]}}]',7,3),(254,'2026-04-17 17:17:43.037684','83','MAP1399 - MARÍA FERNANDA CASTRO ESCARREGA',2,'[{\"changed\": {\"fields\": [\"Correo Electr\\u00f3nico\"]}}]',7,3),(255,'2026-04-17 17:18:37.466589','82','MAP0821 - CARMEN AURELIA GÓMEZ SÁNCHEZ ALVAREZ',2,'[{\"changed\": {\"fields\": [\"Correo Electr\\u00f3nico\"]}}]',7,3),(256,'2026-04-17 17:21:28.518814','81','MGE085 - RAÚL URIARTE AYALA',2,'[{\"changed\": {\"fields\": [\"Correo Electr\\u00f3nico\"]}}]',7,3),(257,'2026-04-17 17:23:04.380329','80','MAP0973 - LUIS ARTURO CERVANTES LERMA',2,'[{\"changed\": {\"fields\": [\"Correo Electr\\u00f3nico\"]}}]',7,3),(258,'2026-04-17 17:23:34.356861','79','MAP1417 - OSCAR QUINTANA OCHOA',2,'[{\"changed\": {\"fields\": [\"Correo Electr\\u00f3nico\"]}}]',7,3),(259,'2026-04-17 17:24:42.308260','78','MAP1279 - CHRISTIAN RICARDO VAZQUEZ ESPINOZA',2,'[{\"changed\": {\"fields\": [\"Correo Electr\\u00f3nico\"]}}]',7,3),(260,'2026-04-17 17:26:14.646198','76','MAP1014 - VIRGINIA EDUWIGES SABORI SALAZAR',2,'[{\"changed\": {\"fields\": [\"Correo Electr\\u00f3nico\"]}}]',7,3),(261,'2026-04-17 17:26:53.966322','75','MAP1431 - FRANCISCO ARNULFO FLORES SOTO',2,'[{\"changed\": {\"fields\": [\"Correo Electr\\u00f3nico\"]}}]',7,3),(262,'2026-04-17 17:27:49.753387','74','MAP1160 - ZAHIRA ROSALIA CHAIREZ AGUAYO',2,'[{\"changed\": {\"fields\": [\"Correo Electr\\u00f3nico\"]}}]',7,3),(263,'2026-04-17 17:28:31.495871','73','MGSI1221 - KENIA MAILETH CÁRDENAS LÓPEZ',2,'[{\"changed\": {\"fields\": [\"Correo Electr\\u00f3nico\"]}}]',7,3),(264,'2026-04-17 17:29:28.605029','71','MGSI1390 - MARCELA MORALES ESCOBAR',2,'[{\"changed\": {\"fields\": [\"Correo Electr\\u00f3nico\"]}}]',7,3),(265,'2026-04-17 17:30:03.875824','70','MGSI1976 - GILDARDO ABISAI URBINA OCHOA',2,'[{\"changed\": {\"fields\": [\"Correo Electr\\u00f3nico\"]}}]',7,3),(266,'2026-04-17 17:30:50.394859','69','MGSI0862 - GUADALUPE DEL CARMEN CHAGALA VERGARA',2,'[{\"changed\": {\"fields\": [\"Correo Electr\\u00f3nico\"]}}]',7,3),(267,'2026-04-17 17:31:22.454867','68','MGSI1815 - MAYRA GRACIELA MUÑOZ ZAMORA',2,'[{\"changed\": {\"fields\": [\"Correo Electr\\u00f3nico\"]}}]',7,3),(268,'2026-04-17 17:32:15.049109','67','MGSI1260 - MARÍA DOLORES CABALLERO VALDÉS',2,'[{\"changed\": {\"fields\": [\"Correo Electr\\u00f3nico\"]}}]',7,3),(269,'2026-04-17 17:32:49.389811','66','MGSI0506 - JOSÉ CONSUELO MORENO ORTEGA',2,'[{\"changed\": {\"fields\": [\"Correo Electr\\u00f3nico\"]}}]',7,3),(270,'2026-04-17 17:33:36.278440','65','MGSI1917 - ALMA GUADALUPE INZUNZA PERALTA',2,'[{\"changed\": {\"fields\": [\"Correo Electr\\u00f3nico\"]}}]',7,3),(271,'2026-04-17 17:34:12.259458','64','MGSI1950 - ENRIQUE VALENZUELA MENDOZA',2,'[{\"changed\": {\"fields\": [\"Correo Electr\\u00f3nico\"]}}]',7,3),(272,'2026-04-17 17:34:40.919433','63','MGSI1988 - CLAUDIA MERCEDES GALLARETA GRACIA',2,'[{\"changed\": {\"fields\": [\"Correo Electr\\u00f3nico\"]}}]',7,3),(273,'2026-04-17 17:35:07.677204','62','MGSI0508 - MARIBEL ORANTES OSUNA',2,'[{\"changed\": {\"fields\": [\"Correo Electr\\u00f3nico\"]}}]',7,3),(274,'2026-04-17 17:37:43.321282','53','2024-MGSI-2014 - ALFREDO FABICIO MIRANDA ARMENTA',2,'[{\"changed\": {\"fields\": [\"Correo Electr\\u00f3nico\"]}}]',7,3),(275,'2026-04-17 17:38:32.291919','52','2024-MGSI-2003 - ALEXANDRA AGUILAR CRUZ',2,'[{\"changed\": {\"fields\": [\"Correo Electr\\u00f3nico\"]}}]',7,3),(276,'2026-04-17 17:39:05.640100','51','2024-MGSI-2004 - DANIA ALEJANDRA AYALA RIOS',2,'[{\"changed\": {\"fields\": [\"Correo Electr\\u00f3nico\"]}}]',7,3),(277,'2026-04-17 17:41:36.453641','49','2024-MGSI-1954 - ITZA PEREGRINA AVILA RENDON',2,'[{\"changed\": {\"fields\": [\"Correo Electr\\u00f3nico\"]}}]',7,3),(278,'2026-04-17 17:43:19.949673','48','2024-MGSI-2002 - IRLANDA MARIBEL VILLARREAL HERNANDEZ',2,'[{\"changed\": {\"fields\": [\"Correo Electr\\u00f3nico\"]}}]',7,3),(279,'2026-04-17 17:44:28.556720','46','2024-MAP-1507 - LUIS EDUARDO CELAYA PEÑA',2,'[{\"changed\": {\"fields\": [\"Correo Electr\\u00f3nico\"]}}]',7,3),(280,'2026-04-17 17:45:14.350268','45','2024-MAP-1504 - RICARDO ALCARAZ RUIZ',2,'[{\"changed\": {\"fields\": [\"Correo Electr\\u00f3nico\"]}}]',7,3),(281,'2026-04-17 17:46:49.878426','44','2020-MAP-0978 - EDUARDO IGNACIO BERUMEN VARGAS',2,'[{\"changed\": {\"fields\": [\"Correo Electr\\u00f3nico\"]}}]',7,3),(282,'2026-04-17 17:47:26.671418','43','2024-MAP-1462 - MARTHA FRANCIA TELLEZ CANIZALES',2,'[{\"changed\": {\"fields\": [\"Correo Electr\\u00f3nico\"]}}]',7,3),(283,'2026-04-17 17:48:04.128460','42','2024-MAP-1509 - MONICA GUADALUPE LORETO RUIZ',2,'[{\"changed\": {\"fields\": [\"Correo Electr\\u00f3nico\"]}}]',7,3),(284,'2026-04-17 17:48:59.740155','40','2020-DAP-0207 - CYNTHIA GUADALUPE GASTELUM BOJORQUEZ',2,'[{\"changed\": {\"fields\": [\"Correo Electr\\u00f3nico\"]}}]',7,3),(285,'2026-04-17 17:50:22.982476','29','2023-MGSI-1863 - HAYDE ALEJANDRA LOPEZ ANGULO',2,'[{\"changed\": {\"fields\": [\"Correo Electr\\u00f3nico\"]}}]',7,3),(286,'2026-04-17 17:51:07.300512','25','2023-MGSI-1900 - EMANUEL ALEJANDRO LOPEZ SALMON',2,'[{\"changed\": {\"fields\": [\"Correo Electr\\u00f3nico\"]}}]',7,3),(287,'2026-04-22 16:37:37.598027','130','2024-MAP-1513 - OSCAR ALEJANDRO NUÑEZ MONTIJO',1,'[{\"added\": {}}]',7,2),(288,'2026-04-22 18:34:29.683654','131','2024-MGSI-1953 - ROSA ALCARÁZ GUTIERREZ',1,'[{\"added\": {}}]',7,2),(289,'2026-04-22 18:34:54.659533','133','MGSI-1953 - ROSA ALCARÁZ GUTIERREZ',1,'[{\"added\": {}}]',7,2),(290,'2026-04-22 18:36:38.018341','134','2024-MAP-1408 - ADALBERTO FRANCO MONTOYA',1,'[{\"added\": {}}]',7,2),(291,'2026-04-22 18:53:17.698378','18','2024-MAP-1498 - SUSANA MELISSA RIVERA HERNANDEZ',2,'[{\"changed\": {\"fields\": [\"Estado Actual\", \"T\\u00edtulo Listo\", \"C\\u00e9dula Lista\", \"Fecha y Hora de Cita\"]}}]',7,2),(292,'2026-04-22 18:53:52.515660','17','2024-MAP-1458 - ROSENDO RODRIGUEZ SALES',2,'[{\"changed\": {\"fields\": [\"Estado Actual\", \"T\\u00edtulo Listo\", \"C\\u00e9dula Lista\", \"Fecha y Hora de Cita\"]}}]',7,2),(293,'2026-04-22 18:54:39.407836','16','2023-MAP-1319 - RAMIRO HERNANDEZ LOPEZ',2,'[{\"changed\": {\"fields\": [\"Estado Actual\", \"T\\u00edtulo Listo\", \"C\\u00e9dula Lista\", \"Fecha y Hora de Cita\"]}}]',7,2),(294,'2026-04-22 18:55:24.372050','15','2024-MAP-1425 - NOHEMI ARAMBURO MENDIVIL',2,'[{\"changed\": {\"fields\": [\"Estado Actual\", \"T\\u00edtulo Listo\", \"C\\u00e9dula Lista\", \"Fecha y Hora de Cita\"]}}]',7,2),(295,'2026-04-22 18:56:19.489657','41','2023-DAP-0299 - NETZAHUALCOYOTL CABRERA MURRIETA',2,'[{\"changed\": {\"fields\": [\"Estado Actual\", \"T\\u00edtulo Listo\", \"C\\u00e9dula Lista\", \"Fecha y Hora de Cita\"]}}]',7,2),(296,'2026-04-22 18:57:06.850133','14','2024-MAP-1479 - MONICA GUADALUPE PINTO SERRANO',2,'[{\"changed\": {\"fields\": [\"Estado Actual\", \"T\\u00edtulo Listo\", \"C\\u00e9dula Lista\", \"Fecha y Hora de Cita\"]}}]',7,2),(297,'2026-04-22 19:13:41.151952','38','2024-MGSI-1991 - MIGUEL ANGEL YBAÑEZ CASTRO',2,'[{\"changed\": {\"fields\": [\"Estado Actual\", \"T\\u00edtulo Listo\", \"C\\u00e9dula Lista\", \"Fecha y Hora de Cita\"]}}]',7,2),(298,'2026-04-22 19:14:40.406611','12','2024-MAP-1472 - MAYRA ALEJANDRA ESCALANTE MEZA',2,'[{\"changed\": {\"fields\": [\"Estado Actual\", \"T\\u00edtulo Listo\", \"C\\u00e9dula Lista\", \"Fecha y Hora de Cita\"]}}]',7,2),(299,'2026-04-22 19:16:30.085282','37','2024-MGSI-1978 - MARTHA CECILIA MOLINA VELARDE',2,'[{\"changed\": {\"fields\": [\"Estado Actual\", \"T\\u00edtulo Listo\", \"C\\u00e9dula Lista\", \"Fecha y Hora de Cita\"]}}]',7,2),(300,'2026-04-22 19:17:15.486353','13','2019-MAP-0781 - MARIA LUISA VILLEGAS AYON',2,'[{\"changed\": {\"fields\": [\"Estado Actual\", \"T\\u00edtulo Listo\", \"C\\u00e9dula Lista\", \"Fecha y Hora de Cita\"]}}]',7,2),(301,'2026-04-22 19:17:52.080584','9','2024-MAP-1496 - MARIA FERNANDA PORTILLO LUJAN',2,'[{\"changed\": {\"fields\": [\"Estado Actual\", \"T\\u00edtulo Listo\", \"C\\u00e9dula Lista\", \"Fecha y Hora de Cita\"]}}]',7,2),(302,'2026-04-22 19:18:35.136994','1','2024-MAP-1494 - DIANA CAROLINA PACHECO GUDIÑO',2,'[{\"changed\": {\"fields\": [\"Estado Actual\", \"T\\u00edtulo Listo\", \"C\\u00e9dula Lista\"]}}]',7,2),(303,'2026-04-22 19:19:13.955381','11','2024-MAP-1414 - MARIA ELENA LOPEZ VERDUZCO',2,'[{\"changed\": {\"fields\": [\"Estado Actual\", \"T\\u00edtulo Listo\", \"C\\u00e9dula Lista\", \"Fecha y Hora de Cita\"]}}]',7,2),(304,'2026-04-22 19:20:04.736469','10','2024-MAP-1419 - MARIA DEL MAR VALENZUELA LOPEZ',2,'[{\"changed\": {\"fields\": [\"Estado Actual\", \"T\\u00edtulo Listo\", \"C\\u00e9dula Lista\", \"Fecha y Hora de Cita\"]}}]',7,2),(305,'2026-04-22 19:21:36.008167','36','2020-MGSI-1293 - MANUEL DE JESUS LOPEZ CASTRO',2,'[{\"changed\": {\"fields\": [\"Estado Actual\", \"T\\u00edtulo Listo\", \"C\\u00e9dula Lista\", \"Fecha y Hora de Cita\"]}}]',7,2),(306,'2026-04-22 19:22:17.816440','8','2024-MAP-1420 - LUIS DANIEL VEGA DIAZ',2,'[{\"changed\": {\"fields\": [\"Estado Actual\", \"T\\u00edtulo Listo\", \"C\\u00e9dula Lista\", \"Fecha y Hora de Cita\"]}}]',7,2),(307,'2026-04-22 19:22:59.475866','35','2020-MGSI-1162 - LUZ ANGELICA ACOSTA HERNANDEZ',2,'[{\"changed\": {\"fields\": [\"Estado Actual\", \"T\\u00edtulo Listo\", \"C\\u00e9dula Lista\", \"Fecha y Hora de Cita\"]}}]',7,2),(308,'2026-04-22 19:23:59.442170','34','2022-MGSI-1748 - LOURDES ALCANTAR CASTRO',2,'[{\"changed\": {\"fields\": [\"Estado Actual\", \"T\\u00edtulo Listo\", \"C\\u00e9dula Lista\", \"Fecha y Hora de Cita\"]}}]',7,2),(309,'2026-04-22 19:24:43.103292','33','2021-MGSI-1513 - LILIAN ROSARIO VALDEZ HULL',2,'[{\"changed\": {\"fields\": [\"Estado Actual\", \"T\\u00edtulo Listo\", \"C\\u00e9dula Lista\", \"Fecha y Hora de Cita\"]}}]',7,2),(310,'2026-04-22 19:25:24.277853','23','2024-MGSI-1956 - DANIA EMYRETH CABRERA RODRIGUEZ',2,'[{\"changed\": {\"fields\": [\"Estado Actual\", \"T\\u00edtulo Listo\", \"C\\u00e9dula Lista\", \"Fecha y Hora de Cita\"]}}]',7,2),(311,'2026-04-22 19:26:12.583647','40','2020-DAP-0207 - CYNTHIA GUADALUPE GASTELUM BOJORQUEZ',2,'[{\"changed\": {\"fields\": [\"Estado Actual\", \"T\\u00edtulo Listo\", \"C\\u00e9dula Lista\", \"Fecha y Hora de Cita\"]}}]',7,2),(312,'2026-04-22 19:27:34.082036','22','2024-MGSI-1974 - CLAUDIA VERONICA QUINTERO GUEREÑA',2,'[{\"changed\": {\"fields\": [\"Estado Actual\", \"T\\u00edtulo Listo\", \"C\\u00e9dula Lista\", \"Fecha y Hora de Cita\"]}}]',7,2),(313,'2026-04-22 19:28:18.472837','21','2024-MGSI-1989 - CARMINA ESMERALDA LOPEZ ALVAREZ',2,'[{\"changed\": {\"fields\": [\"Estado Actual\", \"T\\u00edtulo Listo\", \"C\\u00e9dula Lista\", \"Fecha y Hora de Cita\"]}}]',7,2),(314,'2026-04-22 19:28:53.784716','20','2024-MGSI-1971 - BARBARA KARINA LEOR ACEDO',2,'[{\"changed\": {\"fields\": [\"Estado Actual\", \"T\\u00edtulo Listo\", \"C\\u00e9dula Lista\", \"Fecha y Hora de Cita\"]}}]',7,2),(315,'2026-04-22 19:29:32.284773','19','2023-MGSI-1857 - ARIADNA CAÑEDO VALDEZ',2,'[{\"changed\": {\"fields\": [\"Estado Actual\", \"T\\u00edtulo Listo\", \"C\\u00e9dula Lista\", \"Fecha y Hora de Cita\"]}}]',7,2),(316,'2026-04-22 19:30:11.964655','39','2021-MGSI-1479 - YOLANDA JAQUELINE CANO VILLASEÑOR',2,'[{\"changed\": {\"fields\": [\"Estado Actual\", \"T\\u00edtulo Listo\", \"C\\u00e9dula Lista\", \"Fecha y Hora de Cita\"]}}]',7,2),(317,'2026-04-22 19:30:56.701540','24','2024-MGSI-1992 - DULCE NARDA NEVAREZ MONTEROS',2,'[{\"changed\": {\"fields\": [\"Estado Actual\", \"T\\u00edtulo Listo\", \"C\\u00e9dula Lista\", \"Fecha y Hora de Cita\"]}}]',7,2),(318,'2026-04-22 19:31:35.278283','25','2023-MGSI-1900 - EMANUEL ALEJANDRO LOPEZ SALMON',2,'[{\"changed\": {\"fields\": [\"Estado Actual\", \"T\\u00edtulo Listo\", \"C\\u00e9dula Lista\", \"Fecha y Hora de Cita\"]}}]',7,2),(319,'2026-04-22 19:32:26.162216','3','2024-MAP-1500 - EUGENIO TAPIA RUIZ DE CHAVEZ',2,'[{\"changed\": {\"fields\": [\"Estado Actual\", \"T\\u00edtulo Listo\", \"C\\u00e9dula Lista\", \"Fecha y Hora de Cita\"]}}]',7,2),(320,'2026-04-22 19:33:00.922156','26','2024-MGSI-1970 - EVA NICEN GARCIA HERNANDEZ',2,'[{\"changed\": {\"fields\": [\"Estado Actual\", \"T\\u00edtulo Listo\", \"C\\u00e9dula Lista\", \"Fecha y Hora de Cita\"]}}]',7,2),(321,'2026-04-22 19:33:38.311264','27','2019-MGSI-0846 - GISEL ARELI MARTINEZ TREJO',2,'[{\"changed\": {\"fields\": [\"Estado Actual\", \"T\\u00edtulo Listo\", \"C\\u00e9dula Lista\", \"Fecha y Hora de Cita\"]}}]',7,2),(322,'2026-04-22 19:34:18.793430','28','2023-MGSI-1896 - GLADYS BEATRIZ COTA FELIX',2,'[{\"changed\": {\"fields\": [\"Estado Actual\", \"T\\u00edtulo Listo\", \"C\\u00e9dula Lista\", \"Fecha y Hora de Cita\"]}}]',7,2),(323,'2026-04-22 19:34:55.516872','29','2023-MGSI-1863 - HAYDE ALEJANDRA LOPEZ ANGULO',2,'[{\"changed\": {\"fields\": [\"Estado Actual\", \"T\\u00edtulo Listo\", \"C\\u00e9dula Lista\", \"Fecha y Hora de Cita\"]}}]',7,2),(324,'2026-04-22 19:36:06.368219','5','2024-MAP-1404 - JUAN CARLOS RODRIGUEZ GIL',2,'[{\"changed\": {\"fields\": [\"Correo Electr\\u00f3nico\", \"Estado Actual\", \"T\\u00edtulo Listo\", \"C\\u00e9dula Lista\", \"Fecha y Hora de Cita\"]}}]',7,2),(325,'2026-04-22 19:36:44.526529','31','2024-MGSI-1982 - JESUS JOSE BORQUEZ LOPEZ',2,'[{\"changed\": {\"fields\": [\"Estado Actual\", \"T\\u00edtulo Listo\", \"C\\u00e9dula Lista\", \"Fecha y Hora de Cita\"]}}]',7,2),(326,'2026-04-22 19:37:43.724306','4','2024-MAP-1437 - JESUS ADRIAN ROBLES FELIX',2,'[{\"changed\": {\"fields\": [\"Estado Actual\", \"T\\u00edtulo Listo\", \"C\\u00e9dula Lista\", \"Fecha y Hora de Cita\"]}}]',7,2),(327,'2026-04-22 19:38:27.046978','30','2024-MGSI-1942 - ISYAN ROBERTO ESPINOZA QUIJADA',2,'[{\"changed\": {\"fields\": [\"Estado Actual\", \"T\\u00edtulo Listo\", \"C\\u00e9dula Lista\", \"Fecha y Hora de Cita\"]}}]',7,2),(328,'2026-04-22 19:39:03.963736','6','2024-MAP-1463 - JUAN PABLO WALLS ESPARZA',2,'[{\"changed\": {\"fields\": [\"Estado Actual\", \"T\\u00edtulo Listo\", \"C\\u00e9dula Lista\", \"Fecha y Hora de Cita\"]}}]',7,2),(329,'2026-04-22 19:39:36.602438','7','2024-MAP-1466 - KARLA ISELA VAZQUEZ SOTO',2,'[{\"changed\": {\"fields\": [\"Estado Actual\", \"T\\u00edtulo Listo\", \"C\\u00e9dula Lista\", \"Fecha y Hora de Cita\"]}}]',7,2),(330,'2026-04-22 19:40:11.442452','2','2020-MAP-1491 - ANGELA BEATRIZ GONZALEZ VARGAS',2,'[{\"changed\": {\"fields\": [\"Estado Actual\", \"T\\u00edtulo Listo\", \"C\\u00e9dula Lista\", \"Fecha y Hora de Cita\"]}}]',7,2),(331,'2026-04-22 19:40:42.291305','32','2024-MGSI-1938 - KARLA PAOLA CASTRO LOPEZ',2,'[{\"changed\": {\"fields\": [\"Estado Actual\", \"T\\u00edtulo Listo\", \"C\\u00e9dula Lista\", \"Fecha y Hora de Cita\"]}}]',7,2),(332,'2026-04-22 19:48:50.234721','8','2024-MAP-1420 - LUIS DANIEL VEGA DIAZ',2,'[{\"changed\": {\"fields\": [\"Correo Electr\\u00f3nico\"]}}]',7,2),(333,'2026-04-22 19:50:23.062060','16','2023-MAP-1319 - RAMIRO HERNANDEZ LOPEZ',2,'[{\"changed\": {\"fields\": [\"Correo Electr\\u00f3nico\"]}}]',7,2),(334,'2026-04-22 19:57:38.624743','109','MAP1525 - MARIA FERNANDA GARCIA ROBLES',2,'[{\"changed\": {\"fields\": [\"Correo Electr\\u00f3nico\"]}}]',7,2),(335,'2026-04-22 20:00:22.978061','88','MGSI1311 - SILVIA NALLEY CARILLO GONZÁLEZ',2,'[{\"changed\": {\"fields\": [\"Correo Electr\\u00f3nico\"]}}]',7,2),(336,'2026-04-22 20:01:36.000447','91','MGSI1984 - MOYRA RENÉ CORELLA MARTÍNEZ',2,'[{\"changed\": {\"fields\": [\"Correo Electr\\u00f3nico\"]}}]',7,2),(337,'2026-04-22 20:02:21.474256','97','MAP1428 - KARLA SOFÍA COTA ORDIALES',2,'[{\"changed\": {\"fields\": [\"Correo Electr\\u00f3nico\"]}}]',7,2),(338,'2026-04-22 20:05:21.593359','126','MGSI2052 - LOPEZ ROMERO CARLOS DAVID',2,'[{\"changed\": {\"fields\": [\"Correo Electr\\u00f3nico\"]}}]',7,2),(339,'2026-04-22 20:06:16.791205','125','MGSI2030 - KARLA GABRIELA HERMOSILLO GUERRERO',2,'[{\"changed\": {\"fields\": [\"Correo Electr\\u00f3nico\"]}}]',7,2),(340,'2026-04-22 20:08:06.960214','96','MAP1413 - LUIS FRANCISCO LÓPEZ CONTRERAS',2,'[{\"changed\": {\"fields\": [\"Correo Electr\\u00f3nico\"]}}]',7,2),(341,'2026-04-22 20:08:57.149459','98','MAP0904 - RENÉ DURAZO DURAZO',2,'[{\"changed\": {\"fields\": [\"Correo Electr\\u00f3nico\"]}}]',7,2),(342,'2026-04-22 20:09:56.670891','99','MAP1421 - ESDRA FLOR VERDÍN PEÑA',2,'[{\"changed\": {\"fields\": [\"Correo Electr\\u00f3nico\"]}}]',7,2),(343,'2026-04-22 20:11:04.447516','123','MGSI2024 - ANA EDUVIGES CORRALES TERAN',2,'[{\"changed\": {\"fields\": [\"Correo Electr\\u00f3nico\"]}}]',7,2),(344,'2026-04-22 20:11:58.918551','129','MGE0085 - RAUL URIARTE AYALA',2,'[{\"changed\": {\"fields\": [\"Correo Electr\\u00f3nico\"]}}]',7,2),(345,'2026-04-22 20:49:18.626164','111','MGSI0353 - REYNA ALEJANDRA CARRILLO CUEVAS',2,'[{\"changed\": {\"fields\": [\"Nombre Completo\"]}}]',7,2),(346,'2026-04-22 20:50:35.233775','111','MGSI0353 - REYNA ALEJANDRA CARRILLO CUEVAS',2,'[{\"changed\": {\"fields\": [\"Correo Electr\\u00f3nico\"]}}]',7,2),(347,'2026-04-22 20:58:59.845587','110','MGSI0193 - LUIS MIGUEL CORRAL VALENZUELA',2,'[{\"changed\": {\"fields\": [\"Correo Electr\\u00f3nico\"]}}]',7,2),(348,'2026-04-22 21:01:13.277915','50','2024-MGSI-1986 - MICHELL ALFONSO CHINCHILLAS SAUCEDA',2,'[{\"changed\": {\"fields\": [\"Correo Electr\\u00f3nico\"]}}]',7,2),(349,'2026-04-22 21:02:14.123961','127','MCE0014 - HUMBERTO SOUZA CHAVEZ',2,'[{\"changed\": {\"fields\": [\"Correo Electr\\u00f3nico\"]}}]',7,2),(350,'2026-04-22 21:03:18.206563','72','MGSI0535 - PAOLA ANDRÓMEDA HERNÁNDEZ VILCHES',2,'[{\"changed\": {\"fields\": [\"Correo Electr\\u00f3nico\"]}}]',7,2),(351,'2026-04-22 21:15:52.569838','47','2018-MAP-0562 - EDUARDO GOMEZ OLIVARRIA',2,'[{\"changed\": {\"fields\": [\"Correo Electr\\u00f3nico\"]}}]',7,2),(352,'2026-04-22 21:16:39.891296','77','MAP0472 - CAROLINA LEÓN RAMOS',2,'[{\"changed\": {\"fields\": [\"Correo Electr\\u00f3nico\"]}}]',7,2),(353,'2026-04-23 17:32:07.931148','133','MGSI-1953 - ROSA ALCARÁZ GUTIERREZ',2,'[{\"changed\": {\"fields\": [\"Correo Electr\\u00f3nico\"]}}]',7,2),(354,'2026-04-23 17:39:56.686747','131','2015-MAP-0303 - FRANCISCO JOSÉ MORALES GORTAREZ',2,'[{\"changed\": {\"fields\": [\"Matr\\u00edcula\", \"Nombre Completo\", \"Correo Electr\\u00f3nico\", \"Generaci\\u00f3n\"]}}]',7,2),(355,'2026-04-23 19:38:45.925205','131','2015-MAP-0303 - FRANCISCO JOSÉ MORALES GORTAREZ',2,'[{\"changed\": {\"fields\": [\"Estado Actual\"]}}]',7,2),(356,'2026-04-23 19:39:42.228333','135','2026-2238-MAP - TERESA CORONADO CORONADO',1,'[{\"added\": {}}]',7,2),(357,'2026-04-27 20:28:20.712000','130','2024-MAP-1513 - OSCAR ALEJANDRO NUÑEZ MONTIJO',2,'[{\"changed\": {\"fields\": [\"Correo Electr\\u00f3nico\"]}}]',7,2),(358,'2026-05-06 20:25:52.496489','136','2020-MAP-0940 - DIANA PLATT SALAZAR',1,'[{\"added\": {}}]',7,2),(359,'2026-05-12 20:11:29.710236','137','2024-MGSI-1979 - Carlos Guadalupe Acosta Hernández',1,'[{\"added\": {}}]',7,2);

--
-- Table structure for table `django_content_type`
--

CREATE TABLE `django_content_type` (
  `id` int NOT NULL AUTO_INCREMENT,
  `app_label` varchar(100) NOT NULL,
  `model` varchar(100) NOT NULL,
  PRIMARY KEY (`id`),
  UNIQUE KEY `django_content_type_app_label_model_76bd3d3b_uniq` (`app_label`,`model`)
) ENGINE=InnoDB AUTO_INCREMENT=8 DEFAULT CHARSET=utf8mb4 COLLATE=utf8mb4_0900_ai_ci;

--
-- Dumping data for table `django_content_type`
--

INSERT INTO `django_content_type` (`id`, `app_label`, `model`) VALUES (1,'admin','logentry'),(2,'auth','group'),(3,'auth','permission'),(4,'auth','user'),(5,'contenttypes','contenttype'),(6,'sessions','session'),(7,'tramites','alumno');

--
-- Table structure for table `django_migrations`
--

CREATE TABLE `django_migrations` (
  `id` bigint NOT NULL AUTO_INCREMENT,
  `app` varchar(255) NOT NULL,
  `name` varchar(255) NOT NULL,
  `applied` datetime(6) NOT NULL,
  PRIMARY KEY (`id`)
) ENGINE=InnoDB AUTO_INCREMENT=27 DEFAULT CHARSET=utf8mb4 COLLATE=utf8mb4_0900_ai_ci;

--
-- Dumping data for table `django_migrations`
--

INSERT INTO `django_migrations` (`id`, `app`, `name`, `applied`) VALUES (1,'contenttypes','0001_initial','2026-03-26 19:32:14.755992'),(2,'auth','0001_initial','2026-03-26 19:32:24.743108'),(3,'admin','0001_initial','2026-03-26 19:32:26.627653'),(4,'admin','0002_logentry_remove_auto_add','2026-03-26 19:32:26.660941'),(5,'admin','0003_logentry_add_action_flag_choices','2026-03-26 19:32:26.687376'),(6,'contenttypes','0002_remove_content_type_name','2026-03-26 19:32:27.902572'),(7,'auth','0002_alter_permission_name_max_length','2026-03-26 19:32:29.002645'),(8,'auth','0003_alter_user_email_max_length','2026-03-26 19:32:29.204769'),(9,'auth','0004_alter_user_username_opts','2026-03-26 19:32:29.233137'),(10,'auth','0005_alter_user_last_login_null','2026-03-26 19:32:30.053677'),(11,'auth','0006_require_contenttypes_0002','2026-03-26 19:32:30.111765'),(12,'auth','0007_alter_validators_add_error_messages','2026-03-26 19:32:30.170533'),(13,'auth','0008_alter_user_username_max_length','2026-03-26 19:32:31.409652'),(14,'auth','0009_alter_user_last_name_max_length','2026-03-26 19:32:32.951656'),(15,'auth','0010_alter_group_name_max_length','2026-03-26 19:32:33.045696'),(16,'auth','0011_update_proxy_permissions','2026-03-26 19:32:33.118582'),(17,'auth','0012_alter_user_first_name_max_length','2026-03-26 19:32:34.212705'),(18,'sessions','0001_initial','2026-03-26 19:32:34.682783'),(19,'tramites','0001_initial','2026-03-26 19:32:35.201254'),(20,'tramites','0002_alter_alumno_modo_titulacion','2026-03-26 19:32:36.578142'),(21,'tramites','0003_alter_alumno_modo_titulacion','2026-03-26 19:32:36.641897'),(22,'tramites','0004_remove_alumno_fecha_solicitud_and_more','2026-03-26 19:32:38.553037'),(23,'tramites','0005_alumno_generacion','2026-03-26 19:32:39.404455'),(24,'tramites','0006_alter_alumno_modo_titulacion','2026-03-26 19:32:39.446559'),(25,'tramites','0007_alumno_correo','2026-03-26 19:32:40.634677'),(26,'tramites','0008_alumno_fecha_cita','2026-03-26 19:32:42.357756');

--
-- Table structure for table `tramites_alumno`
--

CREATE TABLE `tramites_alumno` (
  `id` bigint NOT NULL AUTO_INCREMENT,
  `matricula` varchar(20) NOT NULL,
  `nombre` varchar(150) NOT NULL,
  `modo_titulacion` varchar(50) NOT NULL,
  `paga_titulacion` tinyint(1) NOT NULL,
  `estado_actual` int NOT NULL,
  `titulo_listo` tinyint(1) NOT NULL,
  `cedula_lista` tinyint(1) NOT NULL,
  `generacion` int DEFAULT NULL,
  `correo` varchar(254) DEFAULT NULL,
  `fecha_cita` datetime(6) DEFAULT NULL,
  PRIMARY KEY (`id`),
  UNIQUE KEY `matricula` (`matricula`)
) ENGINE=InnoDB AUTO_INCREMENT=138 DEFAULT CHARSET=utf8mb4 COLLATE=utf8mb4_0900_ai_ci;

--
-- Dumping data for table `tramites_alumno`
--

INSERT INTO `tramites_alumno` (`id`, `matricula`, `nombre`, `modo_titulacion`, `paga_titulacion`, `estado_actual`, `titulo_listo`, `cedula_lista`, `generacion`, `correo`, `fecha_cita`) VALUES (1,'2024-MAP-1494','DIANA CAROLINA PACHECO GUDIÑO','Promedio',1,7,1,1,64,'dianapg62@gmail.com',NULL),(2,'2020-MAP-1491','ANGELA BEATRIZ GONZALEZ VARGAS','Promedio',1,6,1,1,64,'angelabgonzalezv@gmail.com','2026-04-25 15:00:00.000000'),(3,'2024-MAP-1500','EUGENIO TAPIA RUIZ DE CHAVEZ','Promedio',1,6,1,1,64,'eugenio.tapia09@hotmail.com','2026-04-25 15:00:00.000000'),(4,'2024-MAP-1437','JESUS ADRIAN ROBLES FELIX','Promedio',1,6,1,1,63,'jesusadrianrobles@hotmail.com','2026-04-25 15:00:00.000000'),(5,'2024-MAP-1404','JUAN CARLOS RODRIGUEZ GIL','Promedio',1,6,1,1,62,'juan96carlos@gmail.com','2026-04-25 15:00:00.000000'),(6,'2024-MAP-1463','JUAN PABLO WALLS ESPARZA','Promedio',1,6,1,1,64,'juanpablowalls@hotmail.com','2026-04-25 15:00:00.000000'),(7,'2024-MAP-1466','KARLA ISELA VAZQUEZ SOTO','Promedio',1,6,1,1,64,'karlaivazquez87@gmail.com','2026-04-25 15:00:00.000000'),(8,'2024-MAP-1420','LUIS DANIEL VEGA DIAZ','Promedio',1,6,1,1,63,'daniel_vega78@hotmail.com','2026-04-25 15:00:00.000000'),(9,'2024-MAP-1496','MARIA FERNANDA PORTILLO LUJAN','Promedio',1,6,1,1,64,'ferportillo1@hotmail.com','2026-04-25 15:00:00.000000'),(10,'2024-MAP-1419','MARIA DEL MAR VALENZUELA LOPEZ','Promedio',1,6,1,1,63,'mvalenzuelalpz@gmail.com','2026-04-25 15:00:00.000000'),(11,'2024-MAP-1414','MARIA ELENA LOPEZ VERDUZCO','Promedio',1,6,1,1,63,'maelenal0ve@gmail.com','2026-04-25 15:00:00.000000'),(12,'2024-MAP-1472','MAYRA ALEJANDRA ESCALANTE MEZA','Promedio',1,6,1,1,64,'mayraescalantem@gmail.com','2026-04-25 15:00:00.000000'),(13,'2019-MAP-0781','MARIA LUISA VILLEGAS AYON','Promedio',1,6,1,1,33,'villegasaml@hotmail.com','2026-04-25 15:00:00.000000'),(14,'2024-MAP-1479','MONICA GUADALUPE PINTO SERRANO','Promedio',1,6,1,1,64,'mon.pinto.s@gmail.com','2026-04-25 15:00:00.000000'),(15,'2024-MAP-1425','NOHEMI ARAMBURO MENDIVIL','Promedio',1,6,1,1,64,'nohemi.aramburo@gmail.com','2026-04-25 15:00:00.000000'),(16,'2023-MAP-1319','RAMIRO HERNANDEZ LOPEZ','Promedio',1,6,1,1,60,'ramirohdzl@hotmail.com','2026-04-25 15:00:00.000000'),(17,'2024-MAP-1458','ROSENDO RODRIGUEZ SALES','Promedio',1,6,1,1,64,'ros.rodsal@gmail.com','2026-04-25 15:00:00.000000'),(18,'2024-MAP-1498','SUSANA MELISSA RIVERA HERNANDEZ','Promedio',1,6,1,1,64,'susanamelissarivera@gmail.com','2026-04-25 15:00:00.000000'),(19,'2023-MGSI-1857','ARIADNA CAÑEDO VALDEZ','Promedio',1,6,1,1,66,'ariadnacanedo@gmail.com','2026-04-25 15:00:00.000000'),(20,'2024-MGSI-1971','BARBARA KARINA LEOR ACEDO','Promedio',1,6,1,1,69,'barbaraleor@gmail.com','2026-04-25 15:00:00.000000'),(21,'2024-MGSI-1989','CARMINA ESMERALDA LOPEZ ALVAREZ','Promedio',1,6,1,1,70,'carimaesmeralda.lopezalvarez@gmail.com','2026-04-25 15:00:00.000000'),(22,'2024-MGSI-1974','CLAUDIA VERONICA QUINTERO GUEREÑA','Promedio',1,6,1,1,69,'cveronicaa@hotmail.com','2026-04-25 15:00:00.000000'),(23,'2024-MGSI-1956','DANIA EMYRETH CABRERA RODRIGUEZ','Promedio',1,6,1,1,69,'daniaemyrethc@gmail.com','2026-04-25 15:00:00.000000'),(24,'2024-MGSI-1992','DULCE NARDA NEVAREZ MONTEROS','Promedio',1,6,1,1,70,'zurizadai_16@hotmail.com','2026-04-25 15:00:00.000000'),(25,'2023-MGSI-1900','EMANUEL ALEJANDRO LOPEZ SALMON','Promedio',1,6,1,1,67,'emanuel.lpz1@hotmail.com','2026-04-25 15:00:00.000000'),(26,'2024-MGSI-1970','EVA NICEN GARCIA HERNANDEZ','Promedio',1,6,1,1,69,'evanicegarcia@gmail.com','2026-04-25 15:00:00.000000'),(27,'2019-MGSI-0846','GISEL ARELI MARTINEZ TREJO','Promedio',1,6,1,1,28,'aarelym@hotmail.com','2026-04-25 15:00:00.000000'),(28,'2023-MGSI-1896','GLADYS BEATRIZ COTA FELIX','Promedio',1,6,1,1,67,'gladys_cota87@hotmail.com','2026-04-25 15:00:00.000000'),(29,'2023-MGSI-1863','HAYDE ALEJANDRA LOPEZ ANGULO','Promedio',1,6,1,1,66,'haydeelopezag@gmail.com','2026-04-25 15:00:00.000000'),(30,'2024-MGSI-1942','ISYAN ROBERTO ESPINOZA QUIJADA','Promedio',1,6,1,1,69,'123isyan123roberto123@gmail.com','2026-04-25 15:00:00.000000'),(31,'2024-MGSI-1982','JESUS JOSE BORQUEZ LOPEZ','Promedio',1,6,1,1,70,'borquez.jj@gmail.com','2026-04-25 15:00:00.000000'),(32,'2024-MGSI-1938','KARLA PAOLA CASTRO LOPEZ','Promedio',1,6,1,1,69,'karlapao_2009@hotmail.com','2026-04-25 15:00:00.000000'),(33,'2021-MGSI-1513','LILIAN ROSARIO VALDEZ HULL','Promedio',1,6,1,1,52,'lilianvaldezh@hotmail.com','2026-04-25 15:00:00.000000'),(34,'2022-MGSI-1748','LOURDES ALCANTAR CASTRO','Promedio',1,6,1,1,61,'lulualcantar@hotmail.com','2026-04-25 15:00:00.000000'),(35,'2020-MGSI-1162','LUZ ANGELICA ACOSTA HERNANDEZ','Promedio',1,6,1,1,41,'daniel_vega78@hotmail.com','2026-04-25 15:00:00.000000'),(36,'2020-MGSI-1293','MANUEL DE JESUS LOPEZ CASTRO','Titulación por Estudio de Grado Superior Inmediato',1,6,1,1,NULL,'manueljesuslopezcastro@gmail.com','2026-04-25 15:00:00.000000'),(37,'2024-MGSI-1978','MARTHA CECILIA MOLINA VELARDE','Promedio',1,6,1,1,69,'cecym30@hotmail.com','2026-04-25 15:00:00.000000'),(38,'2024-MGSI-1991','MIGUEL ANGEL YBAÑEZ CASTRO','Promedio',1,6,1,1,70,'miguel_shak_30@hotmaiil.com','2026-04-25 15:00:00.000000'),(39,'2021-MGSI-1479','YOLANDA JAQUELINE CANO VILLASEÑOR','Promedio',1,6,1,1,51,'jcanovillasenor@gmail.com','2026-04-25 15:00:00.000000'),(40,'2020-DAP-0207','CYNTHIA GUADALUPE GASTELUM BOJORQUEZ','Tesis',1,6,1,1,NULL,'cynthiaggb@hotmail.com','2026-04-25 15:00:00.000000'),(41,'2023-DAP-0299','NETZAHUALCOYOTL CABRERA MURRIETA','Tesis',1,6,1,1,NULL,'netzahualcoyotl.cabrera@unison.mx','2026-04-25 15:00:00.000000'),(42,'2024-MAP-1509','MONICA GUADALUPE LORETO RUIZ','Promedio',1,4,0,0,65,'monica.loreto@sonora.gob.mx',NULL),(43,'2024-MAP-1462','MARTHA FRANCIA TELLEZ CANIZALES','Promedio',1,4,0,0,64,'franciamtc@gmail.com',NULL),(44,'2020-MAP-0978','EDUARDO IGNACIO BERUMEN VARGAS','Promedio',1,4,0,0,44,'eduardoberumen89@hotmail.com',NULL),(45,'2024-MAP-1504','RICARDO ALCARAZ RUIZ','Promedio',1,4,0,0,65,'ricardoalcaraz110687@gmail.com',NULL),(46,'2024-MAP-1507','LUIS EDUARDO CELAYA PEÑA','Promedio',1,4,0,0,65,'luispena23@hotmail.com',NULL),(47,'2018-MAP-0562','EDUARDO GOMEZ OLIVARRIA','Promedio',1,4,0,0,24,'egomez@bomberoshermosillo.com',NULL),(48,'2024-MGSI-2002','IRLANDA MARIBEL VILLARREAL HERNANDEZ','Promedio',1,4,0,0,70,'Irlandavillarreal20@gmail.com',NULL),(49,'2024-MGSI-1954','ITZA PEREGRINA AVILA RENDON','Promedio',1,4,0,0,69,'itza.par@hotmail.es',NULL),(50,'2024-MGSI-1986','MICHELL ALFONSO CHINCHILLAS SAUCEDA','Promedio',1,4,0,0,70,'m_chinchillassauceda@hotmail.com',NULL),(51,'2024-MGSI-2004','DANIA ALEJANDRA AYALA RIOS','Promedio',1,4,0,0,71,'Aleayaladm01@gmail.com',NULL),(52,'2024-MGSI-2003','ALEXANDRA AGUILAR CRUZ','Promedio',1,4,0,0,71,'alexandraaguilarcruz1@gmail.com',NULL),(53,'2024-MGSI-2014','ALFREDO FABICIO MIRANDA ARMENTA','Promedio',1,4,0,0,71,'mirandalfredo97@gmail.com',NULL),(62,'MGSI0508','MARIBEL ORANTES OSUNA','Promedio',1,4,0,0,15,'orantes_572@hotmail.com',NULL),(63,'MGSI1988','CLAUDIA MERCEDES GALLARETA GRACIA','Promedio',1,4,0,0,70,'gallaretaclaudia@gmail.com',NULL),(64,'MGSI1950','ENRIQUE VALENZUELA MENDOZA','Cursos de titulación',1,4,0,0,69,'angeelo_04@hotmail.com',NULL),(65,'MGSI1917','ALMA GUADALUPE INZUNZA PERALTA','Promedio',1,4,0,0,68,'lu.pita1@hotmail.com',NULL),(66,'MGSI0506','JOSÉ CONSUELO MORENO ORTEGA','Cursos de titulación',1,4,0,0,15,'drjosemoreno78@gmail.com',NULL),(67,'MGSI1260','MARÍA DOLORES CABALLERO VALDÉS','Cursos de titulación',1,4,0,0,44,'md.caballeros@gmail.com',NULL),(68,'MGSI1815','MAYRA GRACIELA MUÑOZ ZAMORA','Cursos de titulación',1,4,0,0,63,'mayra.muza81@gmail.com',NULL),(69,'MGSI0862','GUADALUPE DEL CARMEN CHAGALA VERGARA','Promedio',1,4,0,0,28,'chaver_8814@hotmail.com',NULL),(70,'MGSI1976','GILDARDO ABISAI URBINA OCHOA','Promedio',1,4,0,0,69,'urbina_gil1@hotmail.com',NULL),(71,'MGSI1390','MARCELA MORALES ESCOBAR','Promedio',1,4,0,0,48,'dramarcelamorales82@hotmail.com',NULL),(72,'MGSI0535','PAOLA ANDRÓMEDA HERNÁNDEZ VILCHES','Promedio',1,4,0,0,17,'paolam_27@hotmail.com',NULL),(73,'MGSI1221','KENIA MAILETH CÁRDENAS LÓPEZ','Promedio',1,4,0,0,42,'kenia_0310@hotmail.com',NULL),(74,'MAP1160','ZAHIRA ROSALIA CHAIREZ AGUAYO','Promedio',1,4,0,0,53,'zaycha2018@gmail.com',NULL),(75,'MAP1431','FRANCISCO ARNULFO FLORES SOTO','Promedio',1,4,0,0,63,'fcofloress@hotmail.com',NULL),(76,'MAP1014','VIRGINIA EDUWIGES SABORI SALAZAR','Promedio',1,4,0,0,47,'mvxa@hotmail.com',NULL),(77,'MAP0472','CAROLINA LEÓN RAMOS','Promedio',1,4,0,0,20,'carolinaleonramos@gmail.com',NULL),(78,'MAP1279','CHRISTIAN RICARDO VAZQUEZ ESPINOZA','Promedio',1,4,0,0,58,'ricardo.vazquezespinoza@gmail.com',NULL),(79,'MAP1417','OSCAR QUINTANA OCHOA','Promedio',1,4,0,0,63,'oscarrobertoquintana@gmail.com',NULL),(80,'MAP0973','LUIS ARTURO CERVANTES LERMA','Cursos de titulación',1,4,0,0,43,'luiscerler9@gmail.com',NULL),(81,'MGE085','RAÚL URIARTE AYALA','Promedio',1,4,0,0,9,'rayul03@gmail.com',NULL),(82,'MAP0821','CARMEN AURELIA GÓMEZ SÁNCHEZ ALVAREZ','Promedio',1,4,0,0,48,'carmen.gsa11@gmail.com',NULL),(83,'MAP1399','MARÍA FERNANDA CASTRO ESCARREGA','Promedio',1,4,0,0,62,'mfce01@gmail.com',NULL),(84,'MAP1366','CLAUDIA MARIA ISABEL CORTÉS DÁVILA','Promedio',1,4,0,0,61,'claudiacortes.isc@gmail.com',NULL),(85,'MAP1459','MARTHA MARIA ROBLES LÓPEZ','Promedio',1,4,0,0,64,'Roblesmartham@gmail.com',NULL),(86,'MGSI1856','ELENA CAROLIA CANDELAS BIEBRICH','Promedio',1,4,0,0,66,'candelaselena99@gmail.com',NULL),(87,'MGSI0864','FRANCISCO GERARDO FLORES RODRÍGUEZ','Promedio',1,4,0,0,28,'p_ak0o@hotmail.com',NULL),(88,'MGSI1311','SILVIA NALLEY CARILLO GONZÁLEZ','Promedio',1,4,0,0,45,'nallelycarrillogonzalez@gmail.com',NULL),(89,'MGSI1975','MARGHOT JAZÍM SÁNCHEZ LEGLEN','Promedio',1,4,0,0,69,'margoth.jazmin.sanchez@gmail.com',NULL),(90,'MGSI0897','DAVID ULISES FRANCO ARMENDÁRIZ','Promedio',1,4,0,0,27,'d_ulises_franco@hotmail.com',NULL),(91,'MGSI1984','MOYRA RENÉ CORELLA MARTÍNEZ','Promedio',1,4,0,0,70,'corellamr@hotmail.com',NULL),(92,'MAP1292','JESÚS VILLALOBOS LÓPEZ','Promedio',1,4,0,0,58,'jvillalobos.ib@gmail.com',NULL),(93,'MAP1248','JESÚS URÍAS VALDEZ','Promedio',1,4,0,0,57,'jesusuriasvaldez06@gmail.com',NULL),(94,'MAP0702','ARMANDO MARTÍNEZ RAMOS','Promedio',1,4,0,0,33,'armandomtz00@hotmail.com',NULL),(95,'MAP1418','MARIO RENDÓN ÁLCANTAR','Promedio',1,4,0,0,63,'mariorendon1@hotmail.com',NULL),(96,'MAP1413','LUIS FRANCISCO LÓPEZ CONTRERAS','Promedio',1,4,0,0,63,'luis.lopez@sonora.gob.mx',NULL),(97,'MAP1428','KARLA SOFÍA COTA ORDIALES','Promedio',1,4,0,0,63,'scotaordiales@gmail.com',NULL),(98,'MAP0904','RENÉ DURAZO DURAZO','Promedio',1,4,0,0,39,'renedur@hotmail.com',NULL),(99,'MAP1421','ESDRA FLOR VERDÍN PEÑA','Promedio',1,4,0,0,63,'lnhesdra@gmail.com',NULL),(100,'MAP0882','LILIAN MARGARITA NAVARRO LUCERO','Promedio',1,4,0,0,38,'lilian.navarro.lucero@gmail.com',NULL),(101,'MAP0910','ZHELINA IBARRA HOYOS','Promedio',1,4,0,0,39,'zhelina.ibarra.maestria@hotmail.com',NULL),(102,'MAP1365','JESÚS ALBERTO AVILES LERMA','Promedio',1,4,0,0,61,'alberto.aviles@outlook.com',NULL),(103,'MAP1516','ANDREA RAMON CONTRERAS','Promedio',1,4,0,0,65,'andrea_ramonc@hotmail.com',NULL),(104,'MAP1535','CYNTHIA JAZMIN TORRES LEON','Promedio',1,4,0,0,66,'cynthia.torres@sonora.gob.mx',NULL),(105,'MAP1527','DULCE MARIA LEYVA NORIEGA','Promedio',1,4,0,0,66,'dulce.leyvan@gmail.com',NULL),(106,'MAP1521','GUSTAVO ADOLFO CORONADO LARIOS','Promedio',1,4,0,0,66,'coronadolariosga@gmail.com',NULL),(107,'MAP1548','JORGE GOMEZ TOLEDO','Promedio',1,4,0,0,66,'gomeztoledo@hotmail.com',NULL),(108,'MAP1557','JANITZE TORRES SALINAS','Promedio',1,4,0,0,66,'janitzetorressalinas@gmail.com',NULL),(109,'MAP1525','MARIA FERNANDA GARCIA ROBLES','Promedio',1,4,0,0,66,'fernanda.escalafon@gmail.com',NULL),(110,'MGSI0193','LUIS MIGUEL CORRAL VALENZUELA','Promedio',1,4,0,0,6,'miguelcv0254@gmail.com',NULL),(111,'MGSI0353','REYNA ALEJANDRA CARRILLO CUEVAS','Promedio',1,4,0,0,11,'acarrillocuevas@gmail.com',NULL),(112,'MGSI1111','LUISA MARIA CASTILLON OLEA','Promedio',1,4,0,0,38,'luizza_22@hotmail.com',NULL),(113,'MGSI1700','KARLA CECILIA MIRANDA URAGA','Promedio',1,4,0,0,58,'krlamirandau23@gmail.com',NULL),(114,'MGSI1770','HECTOR SAUL PALMA NIEBLAS','Promedio',1,4,0,0,71,'hectorsaulpalma@hotmail.com',NULL),(115,'MGSI0557','OLGA LIDYA JUSAINO PADILLA','Cursos de titulación',1,4,0,0,64,'olga_9898@hotmail.com',NULL),(116,'MGSI1874','GABRIELA MORA AGUILAR','Cursos de titulación',1,4,0,0,70,'caramelo871@outlook.com',NULL),(117,'MGSI1929','RICARDO GALVAN RUIZ','Cursos de titulación',1,4,0,0,68,'hsanjosegalvan@hotmail.com',NULL),(118,'MGSI1990','VICTOR MANUEL MARQUEZ GRANILLO','Promedio',1,4,0,0,70,'vicmar19942@gmail.com',NULL),(119,'MGSI1995','MARIANA ALICIA PLATA ACOSTA','Cursos de titulación',1,4,0,0,70,'marplataacosta86@gmail.com',NULL),(120,'MGSI2018','ANGEL ALEJANDRO SALAZAR REYES','Promedio',1,4,0,0,71,'angel_3_50@hotmail.com',NULL),(121,'MGSI2028','KEREN ANGELICA GONZALEZ NORIEGA','Promedio',1,4,0,0,72,'gonzaleznoriegaK@gmail.com',NULL),(122,'MGSI2055','ANTONIA MIRANDA VILLA','Promedio',1,4,0,0,72,'mirandaantonia850@gmail.com',NULL),(123,'MGSI2024','ANA EDUVIGES CORRALES TERAN','Promedio',1,4,0,0,72,'anateran1688@gmail.com',NULL),(124,'MGSI2042','DIANA LIZETH GALLEGOS DURAZO','Promedio',1,4,0,0,72,'diana.galdu@gmail.com',NULL),(125,'MGSI2030','KARLA GABRIELA HERMOSILLO GUERRERO','Promedio',1,4,0,0,72,'karlahermosillo@hotmail.es',NULL),(126,'MGSI2052','LOPEZ ROMERO CARLOS DAVID','Promedio',1,4,0,0,72,'ca_cdlr@hotmail.com',NULL),(127,'MCE0014','HUMBERTO SOUZA CHAVEZ','Cursos de titulación',1,4,0,0,1,'hsouzac1982@gmail.com',NULL),(128,'MGE011','RODRIGO IBARRA SILVA','Promedio',1,4,0,0,2,'imeldavm@hotmail.com',NULL),(129,'MGE0085','RAUL URIARTE AYALA','Promedio',1,4,0,0,9,'rayul03@gmail.com',NULL),(130,'2024-MAP-1513','OSCAR ALEJANDRO NUÑEZ MONTIJO','Promedio',1,4,0,0,65,'alex_nm_81@hotmail.com',NULL),(131,'2015-MAP-0303','FRANCISCO JOSÉ MORALES GORTAREZ','Promedio',1,4,0,0,15,'ey.fmorales@gmail.com',NULL),(133,'MGSI-1953','ROSA ALCARÁZ GUTIERREZ','Promedio',1,5,0,0,69,'rouff_2802@hotmail.com',NULL),(134,'2024-MAP-1408','ADALBERTO FRANCO MONTOYA','Promedio',1,4,0,0,63,'achacho77@gmail.com',NULL),(135,'2026-2238-MAP','TERESA CORONADO CORONADO','Promedio',1,5,0,0,64,'tcc_73@hotmail.com',NULL),(136,'2020-MAP-0940','DIANA PLATT SALAZAR','Promedio',1,5,0,0,58,'dplatt74@hotmail.com',NULL),(137,'2024-MGSI-1979','Carlos Guadalupe Acosta Hernández','Promedio',1,4,0,0,69,'carlitos_gpe@hotmail.com',NULL);

--
-- Dumping events for database 'iapsonora_titulos'
--

--
-- Dumping routines for database 'iapsonora_titulos'
--


